Last updated on 2014-10-02 01:48:30.
Flavor | Version | Tinstall | Tcheck | Ttotal | Status | Flags |
---|---|---|---|---|---|---|
r-devel-linux-x86_64-debian-clang | 0.14 | 1.84 | 27.52 | 29.35 | OK | |
r-devel-linux-x86_64-debian-gcc | 0.14 | 1.74 | 26.69 | 28.43 | OK | |
r-devel-linux-x86_64-fedora-clang | 0.14 | 59.33 | OK | |||
r-devel-linux-x86_64-fedora-gcc | 0.14 | 56.77 | OK | |||
r-devel-osx-x86_64-clang | 0.14 | 51.79 | OK | |||
r-devel-windows-ix86+x86_64 | 0.14 | 6.00 | 40.00 | 46.00 | OK | |
r-patched-linux-x86_64 | 0.14 | 1.70 | 27.86 | 29.57 | OK | |
r-patched-solaris-sparc | 0.14 | 307.40 | OK | |||
r-patched-solaris-x86 | 0.14 | 76.50 | OK | |||
r-release-linux-ix86 | 0.14 | 2.32 | 34.82 | 37.14 | OK | |
r-release-linux-x86_64 | 0.14 | 1.74 | 28.17 | 29.91 | OK | |
r-release-osx-x86_64-mavericks | 0.14 | NOTE | ||||
r-release-osx-x86_64-snowleopard | 0.14 | OK | ||||
r-release-windows-ix86+x86_64 | 0.14 | 6.00 | 42.00 | 48.00 | OK | |
r-oldrel-windows-ix86+x86_64 | 0.14 | 5.00 | 44.00 | 49.00 | OK |
Version: 0.14
Check: re-building of vignette outputs
Result: NOTE
Error in re-building vignettes:
...
Error in texi2dvi(file = file, pdf = TRUE, clean = clean, quiet = quiet, :
Running 'texi2dvi' on 'traitr.tex' failed.
LaTeX errors:
! LaTeX Error: File `relsize.sty' not found.
Type X to quit or <RETURN> to proceed,
or enter new name. (Default extension: sty)
test/traitr/vignettes/traitr.tex:15: ==> Fatal error occurred, no output PDF f
ile produced!
Calls: buildVignettes -> texi2pdf -> texi2dvi
Execution halted
Flavor: r-release-osx-x86_64-mavericks