Last updated on 2014-10-02 01:48:30.
Flavor | Version | Tinstall | Tcheck | Ttotal | Status | Flags |
---|---|---|---|---|---|---|
r-devel-linux-x86_64-debian-clang | 0.5.3 | 1.21 | 29.36 | 30.58 | NOTE | |
r-devel-linux-x86_64-debian-gcc | 0.5.3 | 1.19 | 28.66 | 29.84 | NOTE | |
r-devel-linux-x86_64-fedora-clang | 0.5.3 | 54.51 | NOTE | |||
r-devel-linux-x86_64-fedora-gcc | 0.5.3 | 51.62 | NOTE | |||
r-devel-osx-x86_64-clang | 0.5.3 | 50.63 | NOTE | |||
r-devel-windows-ix86+x86_64 | 0.5.3 | 4.00 | 41.00 | 45.00 | NOTE | |
r-patched-linux-x86_64 | 0.5.3 | 1.22 | 31.50 | 32.72 | NOTE | |
r-patched-solaris-sparc | 0.5.3 | 328.70 | NOTE | |||
r-patched-solaris-x86 | 0.5.3 | 71.90 | NOTE | |||
r-release-linux-ix86 | 0.5.3 | 1.58 | 39.39 | 40.97 | NOTE | |
r-release-linux-x86_64 | 0.5.3 | 1.17 | 31.48 | 32.64 | NOTE | |
r-release-osx-x86_64-mavericks | 0.5.3 | NOTE | ||||
r-release-osx-x86_64-snowleopard | 0.5.3 | NOTE | ||||
r-release-windows-ix86+x86_64 | 0.5.3 | 4.00 | 49.00 | 53.00 | NOTE | |
r-oldrel-windows-ix86+x86_64 | 0.5.3 | 4.00 | 51.00 | 55.00 | NOTE |
Version: 0.5.3
Check: R code for possible problems
Result: NOTE
display_dist : render_data: no visible global function definition for
‘ash1’
display_dist : render_data: no visible global function definition for
‘bin1’
display_faces : render_data: no visible global function definition for
‘faces2’
display_trails : render_data: no visible binding for '<<-' assignment
to ‘past_x’
plot.path_curve: no visible global function definition for ‘qplot’
plot.path_curve: no visible global function definition for ‘facet_grid’
plot.path_index: no visible global function definition for ‘qplot’
plot.path_index: no visible global function definition for ‘labs’
Flavors: r-devel-linux-x86_64-debian-clang, r-devel-linux-x86_64-debian-gcc, r-devel-linux-x86_64-fedora-clang, r-devel-linux-x86_64-fedora-gcc, r-devel-osx-x86_64-clang, r-devel-windows-ix86+x86_64
Version: 0.5.3
Check: R code for possible problems
Result: NOTE
display_trails : render_data: no visible binding for '<<-' assignment
to ‘past_x’
Flavors: r-patched-linux-x86_64, r-patched-solaris-sparc, r-patched-solaris-x86, r-release-linux-ix86, r-release-linux-x86_64, r-release-osx-x86_64-mavericks, r-release-osx-x86_64-snowleopard, r-release-windows-ix86+x86_64, r-oldrel-windows-ix86+x86_64