CRAN Package Check Results for Package tmle.npvi

Last updated on 2014-10-02 01:48:30.

Flavor Version Tinstall Tcheck Ttotal Status Flags
r-devel-linux-x86_64-debian-clang 0.8.1 1.53 54.18 55.71 NOTE
r-devel-linux-x86_64-debian-gcc 0.8.1 1.50 54.12 55.62 NOTE
r-devel-linux-x86_64-fedora-clang 0.8.1 115.70 NOTE
r-devel-linux-x86_64-fedora-gcc 0.8.1 112.47 NOTE
r-devel-osx-x86_64-clang 0.8.1 95.76 NOTE
r-devel-windows-ix86+x86_64 0.8.1 6.00 78.00 84.00 NOTE
r-patched-linux-x86_64 0.8.1 1.49 58.93 60.42 OK
r-patched-solaris-sparc 0.8.1 684.10 OK
r-patched-solaris-x86 0.8.1 136.90 OK
r-release-linux-ix86 0.8.1 2.04 78.58 80.62 OK
r-release-linux-x86_64 0.8.1 1.53 56.15 57.68 OK
r-release-osx-x86_64-mavericks 0.8.1 NOTE
r-release-osx-x86_64-snowleopard 0.8.1 OK
r-release-windows-ix86+x86_64 0.8.1 6.00 81.00 87.00 OK
r-oldrel-windows-ix86+x86_64 0.8.1 6.00 88.00 94.00 OK

Check Details

Version: 0.8.1
Check: R code for possible problems
Result: NOTE
    NPVI: no visible global function definition for ‘throw’
    NPVI: no visible global function definition for ‘extend’
    NPVI: no visible global function definition for ‘Object’
    estimateDevG: no visible global function definition for ‘throw’
    estimateDevG : devG: no visible global function definition for
     ‘predict.SuperLearner’
    estimateDevMu: no visible global function definition for ‘throw’
    estimateDevMu : devMu: no visible global function definition for
     ‘predict.SuperLearner’
    estimateDevTheta: no visible global function definition for ‘throw’
    estimateDevTheta : devTheta: no visible global function definition for
     ‘predict.SuperLearner’
    estimateEpsilon.NPVI: no visible global function definition for ‘throw’
    estimateG: no visible global function definition for ‘throw’
    estimateG : g: no visible global function definition for
     ‘predict.SuperLearner’
    estimateMuAux: no visible global function definition for ‘throw’
    estimateMuAux : muAux: no visible global function definition for
     ‘predict.SuperLearner’
    estimatePsi: no visible global function definition for ‘throw’
    estimateTheta: no visible global function definition for ‘throw’
    estimateTheta : theta: no visible global function definition for
     ‘predict.SuperLearner’
    getLightFit: no visible global function definition for ‘throw’
    getSample: no visible global function definition for ‘throw’
    init.NPVI: no visible global function definition for ‘throw’
    initializeG.NPVI: no visible global function definition for ‘throw’
    initializeMu.NPVI: no visible global function definition for ‘throw’
    initializeTheta.NPVI: no visible global function definition for ‘throw’
    setG.NPVI: no visible global function definition for ‘throw’
    setGTab.NPVI: no visible global function definition for ‘throw’
    setMu.NPVI: no visible global function definition for ‘throw’
    setMuTab.NPVI: no visible global function definition for ‘throw’
    setTheta.NPVI: no visible global function definition for ‘throw’
    setThetaTab.NPVI: no visible global function definition for ‘throw’
    setWeightsW.NPVI: no visible global function definition for ‘throw’
    simulateData: no visible global function definition for ‘throw’
    simulateParsimoniouslyXgivenW: no visible global function definition
     for ‘throw’
    simulateParsimoniouslyYgivenXW: no visible global function definition
     for ‘throw’
    tmle.npvi: no visible global function definition for ‘throw’
    tmle.npvi: no visible binding for global variable ‘superLearningLib’
    tmle.npvi: no visible binding for global variable ‘learningLib’
    tmle.npvi: no visible global function definition for
     ‘SuperLearner.CV.control’
    tmle.npvi : SuperLearner.: no visible global function definition for
     ‘SuperLearner’
    tmle.npvi : SuperLearner.: no visible global function definition for
     ‘snowSuperLearner’
    update.NPVI: no visible global function definition for ‘throw’
    update.NPVI : condExpX2givenW: no visible global function definition
     for ‘predict.SuperLearner’
    update.NPVI : condExpXYgivenW: no visible global function definition
     for ‘predict.SuperLearner’
    updateConv.NPVI: no visible global function definition for ‘getHistory’
    updateGNonTab.NPVI: no visible global function definition for ‘throw’
    updateGTab.NPVI: no visible global function definition for ‘throw’
    updateHistory.NPVI: no visible global function definition for
     ‘getHistory’
    updateMuNonTab.NPVI: no visible global function definition for ‘throw’
    updateMuTab.NPVI: no visible global function definition for ‘throw’
    updateThetaNonTab.NPVI: no visible global function definition for
     ‘throw’
    updateThetaTab.NPVI: no visible global function definition for ‘throw’
    updateWeightsW.NPVI: no visible global function definition for ‘throw’
    validateArgumentObs: no visible global function definition for ‘throw’
Flavors: r-devel-linux-x86_64-debian-clang, r-devel-linux-x86_64-debian-gcc, r-devel-linux-x86_64-fedora-clang, r-devel-linux-x86_64-fedora-gcc, r-devel-osx-x86_64-clang, r-devel-windows-ix86+x86_64

Version: 0.8.1
Check: re-building of vignette outputs
Result: NOTE
    Error in re-building vignettes:
     ...
    
    Attaching package: ‘R.utils’
    
    The following object is masked from ‘package:utils’:
    
     timestamp
    
    The following objects are masked from ‘package:base’:
    
     cat, commandArgs, getOption, inherits, isOpen, parse, warnings
    
    Loading required package: MASS
    Loading required package: sgeostat
    Error in texi2dvi(file = file, pdf = TRUE, clean = clean, quiet = quiet, :
     Running 'texi2dvi' on 'tmle-npvi.tex' failed.
    LaTeX errors:
    ! LaTeX Error: File `manfnt.sty' not found.
    
    Type X to quit or <RETURN> to proceed,
    or enter new name. (Default extension: sty)
    
    gn_test/tmle.npvi/vignettes/tmle-npvi.tex:8: ==> Fatal error occurred, no outp
    ut PDF file produced!
    Calls: buildVignettes -> texi2pdf -> texi2dvi
    Execution halted
Flavor: r-release-osx-x86_64-mavericks