Last updated on 2014-10-02 01:48:30.
Flavor | Version | Tinstall | Tcheck | Ttotal | Status | Flags |
---|---|---|---|---|---|---|
r-devel-linux-x86_64-debian-clang | 0.1 | 0.74 | 11.12 | 11.86 | OK | |
r-devel-linux-x86_64-debian-gcc | 0.1 | 0.78 | 11.13 | 11.91 | OK | |
r-devel-linux-x86_64-fedora-clang | 0.1 | 22.39 | OK | |||
r-devel-linux-x86_64-fedora-gcc | 0.1 | 21.09 | OK | |||
r-devel-osx-x86_64-clang | 0.1 | 24.40 | OK | |||
r-devel-windows-ix86+x86_64 | 0.1 | 3.00 | 21.00 | 24.00 | OK | |
r-patched-linux-x86_64 | 0.1 | 0.78 | 11.20 | 11.98 | OK | |
r-patched-solaris-sparc | 0.1 | 126.90 | OK | |||
r-patched-solaris-x86 | 0.1 | 34.60 | OK | |||
r-release-linux-ix86 | 0.1 | 1.05 | 16.56 | 17.61 | OK | |
r-release-linux-x86_64 | 0.1 | 0.75 | 11.07 | 11.82 | OK | |
r-release-osx-x86_64-mavericks | 0.1 | OK | ||||
r-release-osx-x86_64-snowleopard | 0.1 | OK | ||||
r-release-windows-ix86+x86_64 | 0.1 | 3.00 | 23.00 | 26.00 | OK | |
r-oldrel-windows-ix86+x86_64 | 0.1 | 1.00 | 1.00 | 2.00 | ERROR |
Version: 0.1
Check: package dependencies
Result: ERROR
Package required and available but unsuitable version: 'tm'
See the information on DESCRIPTION files in the chapter 'Creating R
packages' of the 'Writing R Extensions' manual.
Flavor: r-oldrel-windows-ix86+x86_64