Last updated on 2014-10-02 01:48:30.
Flavor | Version | Tinstall | Tcheck | Ttotal | Status | Flags |
---|---|---|---|---|---|---|
r-devel-linux-x86_64-debian-clang | 1.1 | 0.71 | 10.41 | 11.12 | OK | |
r-devel-linux-x86_64-debian-gcc | 1.1 | 0.69 | 10.31 | 11.00 | OK | |
r-devel-linux-x86_64-fedora-clang | 1.1 | 21.21 | OK | |||
r-devel-linux-x86_64-fedora-gcc | 1.1 | 20.47 | OK | |||
r-devel-osx-x86_64-clang | 1.1 | 23.10 | OK | |||
r-devel-windows-ix86+x86_64 | 1.1 | 3.00 | 19.00 | 22.00 | OK | |
r-patched-linux-x86_64 | 1.1 | 0.72 | 10.68 | 11.40 | OK | |
r-patched-solaris-sparc | 1.1 | 121.10 | OK | |||
r-patched-solaris-x86 | 1.1 | 32.80 | OK | |||
r-release-linux-ix86 | 1.1 | 0.99 | 15.76 | 16.76 | OK | |
r-release-linux-x86_64 | 1.1 | 0.69 | 10.47 | 11.16 | OK | |
r-release-osx-x86_64-mavericks | 1.1 | OK | ||||
r-release-osx-x86_64-snowleopard | 1.1 | OK | ||||
r-release-windows-ix86+x86_64 | 1.1 | 3.00 | 21.00 | 24.00 | OK | |
r-oldrel-windows-ix86+x86_64 | 1.1 | 1.00 | 1.00 | 2.00 | ERROR |
Version: 1.1
Check: package dependencies
Result: ERROR
Package required and available but unsuitable version: 'tm'
See the information on DESCRIPTION files in the chapter 'Creating R
packages' of the 'Writing R Extensions' manual.
Flavor: r-oldrel-windows-ix86+x86_64