Last updated on 2014-10-02 01:48:30.
Flavor | Version | Tinstall | Tcheck | Ttotal | Status | Flags |
---|---|---|---|---|---|---|
r-devel-linux-x86_64-debian-clang | 0.0-23 | 1.22 | 9.94 | 11.16 | NOTE | |
r-devel-linux-x86_64-debian-gcc | 0.0-23 | 1.19 | 9.82 | 11.01 | NOTE | |
r-devel-linux-x86_64-fedora-clang | 0.0-23 | 20.90 | NOTE | |||
r-devel-linux-x86_64-fedora-gcc | 0.0-23 | 20.46 | NOTE | |||
r-devel-osx-x86_64-clang | 0.0-23 | 26.43 | NOTE | |||
r-devel-windows-ix86+x86_64 | 0.0-23 | 6.00 | 23.00 | 29.00 | OK | |
r-patched-linux-x86_64 | 0.0-23 | 1.20 | 9.92 | 11.13 | NOTE | |
r-patched-solaris-sparc | 0.0-23 | 128.00 | NOTE | |||
r-patched-solaris-x86 | 0.0-23 | 36.50 | NOTE | |||
r-release-linux-ix86 | 0.0-23 | 2.04 | 16.45 | 18.49 | NOTE | |
r-release-linux-x86_64 | 0.0-23 | 3.21 | 9.86 | 13.07 | NOTE | |
r-release-osx-x86_64-mavericks | 0.0-23 | OK | ||||
r-release-windows-ix86+x86_64 | 0.0-23 | 8.00 | 30.00 | 38.00 | OK | |
r-oldrel-windows-ix86+x86_64 | 0.0-23 | 7.00 | 23.00 | 30.00 | OK |
Version: 0.0-23
Check: R code for possible problems
Result: NOTE
Found an obsolete/platform-specific call in the following function:
‘.my.tkdev’
Found the platform-specific device:
‘X11’
dev.new() is the preferred way to open a new device, in the unlikely
event one is needed.
Flavors: r-devel-linux-x86_64-debian-clang, r-devel-linux-x86_64-debian-gcc, r-devel-linux-x86_64-fedora-clang, r-devel-linux-x86_64-fedora-gcc, r-devel-osx-x86_64-clang, r-patched-linux-x86_64, r-patched-solaris-sparc, r-patched-solaris-x86, r-release-linux-ix86, r-release-linux-x86_64