Last updated on 2014-10-02 01:48:30.
Flavor | Version | Tinstall | Tcheck | Ttotal | Status | Flags |
---|---|---|---|---|---|---|
r-devel-linux-x86_64-debian-clang | 1.0 | 0.62 | 11.76 | 12.38 | NOTE | |
r-devel-linux-x86_64-debian-gcc | 1.0 | 0.56 | 10.57 | 11.13 | NOTE | |
r-devel-linux-x86_64-fedora-clang | 1.0 | 22.31 | NOTE | |||
r-devel-linux-x86_64-fedora-gcc | 1.0 | 21.00 | NOTE | |||
r-devel-osx-x86_64-clang | 1.0 | 25.63 | NOTE | |||
r-devel-windows-ix86+x86_64 | 1.0 | 2.00 | 18.00 | 20.00 | NOTE | |
r-patched-linux-x86_64 | 1.0 | 0.60 | 11.03 | 11.63 | NOTE | |
r-patched-solaris-sparc | 1.0 | 134.90 | NOTE | |||
r-patched-solaris-x86 | 1.0 | 34.70 | NOTE | |||
r-release-linux-ix86 | 1.0 | 0.84 | 16.88 | 17.72 | NOTE | |
r-release-linux-x86_64 | 1.0 | 0.54 | 11.52 | 12.06 | NOTE | |
r-release-osx-x86_64-mavericks | 1.0 | NOTE | ||||
r-release-osx-x86_64-snowleopard | 1.0 | NOTE | ||||
r-release-windows-ix86+x86_64 | 1.0 | 2.00 | 20.00 | 22.00 | NOTE | |
r-oldrel-windows-ix86+x86_64 | 1.0 | 3.00 | 18.00 | 21.00 | NOTE |
Version: 1.0
Check: dependencies in R code
Result: NOTE
'library' or 'require' call to ‘boot’ which was already attached by Depends.
Please remove these calls from your code.
Package in Depends field not imported from: ‘boot’
These packages need to be imported from (in the NAMESPACE file)
for when this namespace is loaded but not attached.
See the information on DESCRIPTION files in the chapter ‘Creating R
packages’ of the ‘Writing R Extensions’ manual.
Flavors: r-devel-linux-x86_64-debian-clang, r-devel-linux-x86_64-debian-gcc, r-devel-linux-x86_64-fedora-clang, r-devel-linux-x86_64-fedora-gcc, r-devel-osx-x86_64-clang, r-devel-windows-ix86+x86_64, r-patched-linux-x86_64, r-patched-solaris-sparc, r-patched-solaris-x86, r-release-linux-ix86, r-release-linux-x86_64, r-release-osx-x86_64-mavericks, r-release-windows-ix86+x86_64, r-oldrel-windows-ix86+x86_64
Version: 1.0
Check: R code for possible problems
Result: NOTE
boot_autocov: no visible global function definition for ‘tsboot’
boot_spec: no visible global function definition for ‘tsboot’
Flavors: r-devel-linux-x86_64-debian-clang, r-devel-linux-x86_64-debian-gcc, r-devel-linux-x86_64-fedora-clang, r-devel-linux-x86_64-fedora-gcc, r-devel-osx-x86_64-clang, r-devel-windows-ix86+x86_64
Version: 1.0
Check: dependencies in R code
Result: NOTE
'library' or 'require' call to 'boot' which was already attached by Depends.
Please remove these calls from your code.
See the information on DESCRIPTION files in the chapter 'Creating R
packages' of the 'Writing R Extensions' manual.
Flavor: r-release-osx-x86_64-snowleopard