CRAN Package Check Results for Package tigerstats

Last updated on 2014-10-02 01:48:30.

Flavor Version Tinstall Tcheck Ttotal Status Flags
r-devel-linux-x86_64-debian-clang 0.1.6 2.51 26.97 29.48 NOTE
r-devel-linux-x86_64-debian-gcc 0.1.6 2.24 24.92 27.16 NOTE
r-devel-linux-x86_64-fedora-clang 0.1.6 54.73 NOTE
r-devel-linux-x86_64-fedora-gcc 0.1.6 50.31 NOTE
r-devel-osx-x86_64-clang 0.1.6 49.61 NOTE
r-devel-windows-ix86+x86_64 0.1.6 8.00 39.00 47.00 NOTE
r-patched-linux-x86_64 0.1.6 2.30 27.98 30.28 NOTE
r-patched-solaris-sparc 0.1.6 304.90 NOTE
r-patched-solaris-x86 0.1.6 74.20 NOTE
r-release-linux-ix86 0.1.6 3.09 36.76 39.86 NOTE
r-release-linux-x86_64 0.1.6 2.29 27.98 30.26 NOTE
r-release-osx-x86_64-mavericks 0.1.6 NOTE
r-release-osx-x86_64-snowleopard 0.1.6 NOTE
r-release-windows-ix86+x86_64 0.1.6 7.00 38.00 45.00 NOTE
r-oldrel-windows-ix86+x86_64 0.1.6 8.00 41.00 49.00 NOTE

Check Details

Version: 0.1.6
Check: package dependencies
Result: NOTE
    Package suggested but not available for checking: ‘manipulate’
Flavors: r-devel-linux-x86_64-debian-clang, r-devel-linux-x86_64-debian-gcc, r-devel-linux-x86_64-fedora-clang, r-devel-linux-x86_64-fedora-gcc, r-devel-osx-x86_64-clang, r-devel-windows-ix86+x86_64, r-patched-linux-x86_64, r-patched-solaris-sparc, r-patched-solaris-x86, r-release-linux-ix86, r-release-linux-x86_64, r-release-osx-x86_64-mavericks, r-release-osx-x86_64-snowleopard, r-release-windows-ix86+x86_64, r-oldrel-windows-ix86+x86_64

Version: 0.1.6
Check: R code for possible problems
Result: NOTE
    SimpleRandom: no visible binding for global variable ‘imagpop’
Flavors: r-devel-linux-x86_64-debian-clang, r-devel-linux-x86_64-debian-gcc, r-devel-linux-x86_64-fedora-clang, r-devel-linux-x86_64-fedora-gcc, r-devel-osx-x86_64-clang, r-devel-windows-ix86+x86_64