Last updated on 2014-10-02 01:48:30.
Flavor | Version | Tinstall | Tcheck | Ttotal | Status | Flags |
---|---|---|---|---|---|---|
r-devel-linux-x86_64-debian-clang | 0.2-2 | 0.79 | 12.22 | 13.01 | NOTE | |
r-devel-linux-x86_64-debian-gcc | 0.2-2 | 0.72 | 11.52 | 12.25 | NOTE | |
r-devel-linux-x86_64-fedora-clang | 0.2-2 | 24.25 | NOTE | |||
r-devel-linux-x86_64-fedora-gcc | 0.2-2 | 23.18 | NOTE | |||
r-devel-osx-x86_64-clang | 0.2-2 | 27.34 | NOTE | |||
r-devel-windows-ix86+x86_64 | 0.2-2 | 3.00 | 21.00 | 24.00 | NOTE | |
r-patched-linux-x86_64 | 0.2-2 | 0.79 | 11.89 | 12.68 | NOTE | |
r-patched-solaris-sparc | 0.2-2 | 136.70 | NOTE | |||
r-patched-solaris-x86 | 0.2-2 | 36.90 | NOTE | |||
r-release-linux-ix86 | 0.2-2 | 1.06 | 17.60 | 18.66 | NOTE | |
r-release-linux-x86_64 | 0.2-2 | 1.03 | 11.59 | 12.62 | NOTE | |
r-release-osx-x86_64-mavericks | 0.2-2 | NOTE | ||||
r-release-osx-x86_64-snowleopard | 0.2-2 | NOTE | ||||
r-release-windows-ix86+x86_64 | 0.2-2 | 3.00 | 22.00 | 25.00 | NOTE | |
r-oldrel-windows-ix86+x86_64 | 0.2-2 | 3.00 | 23.00 | 26.00 | NOTE |
Version: 0.2-2
Check: dependencies in R code
Result: NOTE
'library' or 'require' call to ‘zoo’ which was already attached by Depends.
Please remove these calls from your code.
See the information on DESCRIPTION files in the chapter ‘Creating R
packages’ of the ‘Writing R Extensions’ manual.
Flavors: r-devel-linux-x86_64-debian-clang, r-devel-linux-x86_64-debian-gcc, r-devel-linux-x86_64-fedora-clang, r-devel-linux-x86_64-fedora-gcc, r-devel-osx-x86_64-clang, r-devel-windows-ix86+x86_64, r-patched-linux-x86_64, r-patched-solaris-sparc, r-patched-solaris-x86, r-release-linux-ix86, r-release-linux-x86_64, r-release-osx-x86_64-mavericks, r-release-osx-x86_64-snowleopard, r-release-windows-ix86+x86_64, r-oldrel-windows-ix86+x86_64