Last updated on 2014-10-02 01:48:30.
Flavor | Version | Tinstall | Tcheck | Ttotal | Status | Flags |
---|---|---|---|---|---|---|
r-devel-linux-x86_64-debian-clang | 2013.9-1 | 2.31 | 41.96 | 44.27 | NOTE | |
r-devel-linux-x86_64-debian-gcc | 2013.9-1 | 2.24 | 39.94 | 42.18 | NOTE | |
r-devel-linux-x86_64-fedora-clang | 2013.9-1 | 93.09 | NOTE | |||
r-devel-linux-x86_64-fedora-gcc | 2013.9-1 | 86.85 | NOTE | |||
r-devel-osx-x86_64-clang | 2013.9-1 | 80.23 | NOTE | |||
r-devel-windows-ix86+x86_64 | 2013.9-1 | 7.00 | 62.00 | 69.00 | NOTE | |
r-patched-linux-x86_64 | 2013.9-1 | 2.49 | 43.48 | 45.97 | OK | |
r-patched-solaris-sparc | 2013.9-1 | 542.40 | OK | |||
r-patched-solaris-x86 | 2013.9-1 | 119.80 | OK | |||
r-release-linux-ix86 | 2013.9-1 | 3.09 | 55.66 | 58.75 | OK | |
r-release-linux-x86_64 | 2013.9-1 | 2.53 | 44.08 | 46.61 | OK | |
r-release-osx-x86_64-mavericks | 2013.9-1 | OK | ||||
r-release-osx-x86_64-snowleopard | 2013.9-1 | OK | ||||
r-release-windows-ix86+x86_64 | 2013.9-1 | 7.00 | 67.00 | 74.00 | OK | |
r-oldrel-windows-ix86+x86_64 | 2013.9-1 | 7.00 | 68.00 | 75.00 | OK |
Version: 2013.9-1
Check: R code for possible problems
Result: NOTE
TSwriteXLS: no visible global function definition for ‘testPerl’
TSwriteXLS: no visible global function definition for ‘WriteXLS’
as.weekly: no visible global function definition for ‘zoo’
tfExpand.timeSeries: no visible global function definition for
‘coredata’
tfExpand.xts: no visible global function definition for ‘coredata’
tfExpand.xts: no visible global function definition for ‘xts’
tfExpand.zoo: no visible global function definition for ‘coredata’
tfExpand.zoo: no visible global function definition for ‘zoo’
tfUnSet.xts: no visible global function definition for ‘coredata’
tframe.xts: no visible global function definition for ‘index’
tfwindow: no visible global function definition for ‘tfstart’
tfwindow: no visible global function definition for ‘tfend’
tfExpand,timeSeries: no visible global function definition for
‘coredata’
Flavors: r-devel-linux-x86_64-debian-clang, r-devel-linux-x86_64-debian-gcc, r-devel-linux-x86_64-fedora-clang, r-devel-linux-x86_64-fedora-gcc, r-devel-osx-x86_64-clang, r-devel-windows-ix86+x86_64