Last updated on 2014-10-02 01:48:30.
Flavor | Version | Tinstall | Tcheck | Ttotal | Status | Flags |
---|---|---|---|---|---|---|
r-devel-linux-x86_64-debian-clang | 1.0-2 | 1.08 | 11.71 | 12.78 | NOTE | |
r-devel-linux-x86_64-debian-gcc | 1.0-2 | 1.02 | 11.65 | 12.66 | NOTE | |
r-devel-linux-x86_64-fedora-clang | 1.0-2 | 24.95 | NOTE | |||
r-devel-linux-x86_64-fedora-gcc | 1.0-2 | 22.88 | NOTE | |||
r-devel-osx-x86_64-clang | 1.0-2 | 26.77 | NOTE | |||
r-devel-windows-ix86+x86_64 | 1.0-2 | 4.00 | 21.00 | 25.00 | NOTE | |
r-patched-linux-x86_64 | 1.0-2 | 1.06 | 12.71 | 13.77 | NOTE | |
r-patched-solaris-sparc | 1.0-2 | 144.50 | NOTE | |||
r-patched-solaris-x86 | 1.0-2 | 38.10 | NOTE | |||
r-release-linux-ix86 | 1.0-2 | 1.62 | 17.48 | 19.10 | NOTE | |
r-release-linux-x86_64 | 1.0-2 | 0.99 | 11.75 | 12.74 | NOTE | |
r-release-osx-x86_64-mavericks | 1.0-2 | NOTE | ||||
r-release-osx-x86_64-snowleopard | 1.0-2 | NOTE | ||||
r-release-windows-ix86+x86_64 | 1.0-2 | 3.00 | 21.00 | 24.00 | NOTE | |
r-oldrel-windows-ix86+x86_64 | 1.0-2 | 4.00 | 21.00 | 25.00 | NOTE |
Version: 1.0-2
Check: data for non-ASCII characters
Result: NOTE
Note: found 10051 marked UTF-8 strings
Note: found 10523 strings marked as "bytes"
Flavors: r-devel-linux-x86_64-debian-clang, r-devel-linux-x86_64-debian-gcc, r-devel-linux-x86_64-fedora-clang, r-devel-linux-x86_64-fedora-gcc, r-devel-osx-x86_64-clang, r-devel-windows-ix86+x86_64, r-patched-linux-x86_64, r-patched-solaris-sparc, r-patched-solaris-x86, r-release-linux-ix86, r-release-linux-x86_64, r-release-osx-x86_64-mavericks, r-release-osx-x86_64-snowleopard, r-release-windows-ix86+x86_64, r-oldrel-windows-ix86+x86_64