Last updated on 2014-10-02 01:48:29.
Flavor | Version | Tinstall | Tcheck | Ttotal | Status | Flags |
---|---|---|---|---|---|---|
r-devel-linux-x86_64-debian-clang | 0.2 | 1.63 | 10.42 | 12.04 | NOTE | |
r-devel-linux-x86_64-debian-gcc | 0.2 | 1.42 | 10.36 | 11.78 | NOTE | |
r-devel-linux-x86_64-fedora-clang | 0.2 | 21.46 | NOTE | |||
r-devel-linux-x86_64-fedora-gcc | 0.2 | 19.87 | NOTE | |||
r-devel-osx-x86_64-clang | 0.2 | 24.73 | NOTE | |||
r-devel-windows-ix86+x86_64 | 0.2 | 11.00 | 25.00 | 36.00 | NOTE | |
r-patched-linux-x86_64 | 0.2 | 1.53 | 10.92 | 12.45 | OK | |
r-patched-solaris-sparc | 0.2 | 147.40 | OK | |||
r-patched-solaris-x86 | 0.2 | 35.70 | OK | |||
r-release-linux-ix86 | 0.2 | 3.06 | 19.44 | 22.50 | OK | |
r-release-linux-x86_64 | 0.2 | 1.43 | 10.99 | 12.42 | OK | |
r-release-osx-x86_64-mavericks | 0.2 | OK | ||||
r-release-osx-x86_64-snowleopard | 0.2 | OK | ||||
r-release-windows-ix86+x86_64 | 0.2 | 11.00 | 28.00 | 39.00 | OK | |
r-oldrel-windows-ix86+x86_64 | 0.2 | 11.00 | 29.00 | 40.00 | OK |
Version: 0.2
Check: R code for possible problems
Result: NOTE
.google.font.db: no visible global function definition for
‘getURLContent’
.google.font.db: no visible global function definition for ‘fromJSON’
Flavors: r-devel-linux-x86_64-debian-clang, r-devel-linux-x86_64-debian-gcc, r-devel-linux-x86_64-fedora-clang, r-devel-linux-x86_64-fedora-gcc, r-devel-osx-x86_64-clang, r-devel-windows-ix86+x86_64