Last updated on 2014-10-02 01:48:29.
Flavor | Version | Tinstall | Tcheck | Ttotal | Status | Flags |
---|---|---|---|---|---|---|
r-devel-linux-x86_64-debian-clang | 1.1 | 0.58 | 11.62 | 12.20 | NOTE | |
r-devel-linux-x86_64-debian-gcc | 1.1 | 0.57 | 11.51 | 12.08 | NOTE | |
r-devel-linux-x86_64-fedora-clang | 1.1 | 25.13 | NOTE | |||
r-devel-linux-x86_64-fedora-gcc | 1.1 | 23.45 | NOTE | |||
r-devel-osx-x86_64-clang | 1.1 | 25.84 | OK | |||
r-devel-windows-ix86+x86_64 | 1.1 | 2.00 | 19.00 | 21.00 | OK | |
r-patched-linux-x86_64 | 1.1 | 0.64 | 12.00 | 12.64 | NOTE | |
r-patched-solaris-sparc | 1.1 | 142.90 | OK | |||
r-patched-solaris-x86 | 1.1 | 37.10 | OK | |||
r-release-linux-ix86 | 1.1 | 0.85 | 17.80 | 18.65 | OK | |
r-release-linux-x86_64 | 1.1 | 0.62 | 11.91 | 12.53 | NOTE | |
r-release-osx-x86_64-mavericks | 1.1 | OK | ||||
r-release-windows-ix86+x86_64 | 1.1 | 3.00 | 26.00 | 29.00 | OK | |
r-oldrel-windows-ix86+x86_64 | 1.1 | 3.00 | 20.00 | 23.00 | OK |
Version: 1.1
Check: Rd line widths
Result: NOTE
Rd file 'symbol.Rd':
\usage lines wider than 90 characters:
symbol(df, type="star", colin=NULL, colout=NULL, colin2=NA, colout2=1, ssize=NULL, labels=0, labelsize=0.6,
scheme=1, sortby=0, descending=FALSE, coorx=NULL, coory=NULL, lty=1, main=NULL, sub=NULL, xlab=NULL, ylab=NULL,
add=FALSE, xlim=NULL, ylim=NULL, facew=0.5, faceh=0.5, eyes=0.5, eyed=0.5, mouthw=0.5, mouthc=0.5, brows=0.5,
browp=0.5, nosel=0.5, nosew=0.5, ears=0.5, pupils=0.5, body=0.5, limb1=0.5, limb2=0.5, limb3=0.5, limb4=0.5, defcol=NA)
These lines will be truncated in the PDF manual.
Flavors: r-devel-linux-x86_64-debian-clang, r-devel-linux-x86_64-debian-gcc, r-devel-linux-x86_64-fedora-clang, r-devel-linux-x86_64-fedora-gcc, r-patched-linux-x86_64, r-release-linux-x86_64