CRAN Package Check Results for Package switchnpreg

Last updated on 2014-10-02 01:48:29.

Flavor Version Tinstall Tcheck Ttotal Status Flags
r-devel-linux-x86_64-debian-clang 0.8-0 3.31 39.82 43.13 NOTE
r-devel-linux-x86_64-debian-gcc 0.8-0 3.21 39.20 42.40 NOTE
r-devel-linux-x86_64-fedora-clang 0.8-0 104.63 NOTE
r-devel-linux-x86_64-fedora-gcc 0.8-0 97.91 NOTE
r-devel-osx-x86_64-clang 0.8-0 83.68 NOTE
r-devel-windows-ix86+x86_64 0.8-0 10.00 59.00 69.00 NOTE
r-patched-linux-x86_64 0.8-0 3.36 41.88 45.24 NOTE
r-patched-solaris-sparc 0.8-0 586.40 NOTE
r-patched-solaris-x86 0.8-0 140.80 NOTE
r-release-linux-ix86 0.8-0 4.14 52.46 56.60 NOTE
r-release-linux-x86_64 0.8-0 3.45 41.57 45.02 NOTE
r-release-osx-x86_64-mavericks 0.8-0 NOTE
r-release-osx-x86_64-snowleopard 0.8-0 NOTE
r-release-windows-ix86+x86_64 0.8-0 8.00 59.00 67.00 NOTE
r-oldrel-windows-ix86+x86_64 0.8-0 7.00 57.00 64.00 NOTE

Check Details

Version: 0.8-0
Check: dependencies in R code
Result: NOTE
    Packages in Depends field not imported from:
     ‘MASS’ ‘fda’ ‘splines’
     These packages need to be imported from (in the NAMESPACE file)
     for when this namespace is loaded but not attached.
    See the information on DESCRIPTION files in the chapter ‘Creating R
    packages’ of the ‘Writing R Extensions’ manual.
Flavors: r-devel-linux-x86_64-debian-clang, r-devel-linux-x86_64-debian-gcc, r-devel-linux-x86_64-fedora-clang, r-devel-linux-x86_64-fedora-gcc, r-devel-osx-x86_64-clang, r-devel-windows-ix86+x86_64, r-patched-linux-x86_64, r-patched-solaris-sparc, r-patched-solaris-x86

Version: 0.8-0
Check: R code for possible problems
Result: NOTE
    fj_pl: no visible global function definition for ‘getbasismatrix’
    fj_pl: no visible global function definition for ‘create.bspline.basis’
    fj_pl: no visible global function definition for ‘getbasispenalty’
Flavors: r-devel-linux-x86_64-debian-clang, r-devel-linux-x86_64-debian-gcc, r-devel-linux-x86_64-fedora-clang, r-devel-linux-x86_64-fedora-gcc, r-devel-osx-x86_64-clang, r-devel-windows-ix86+x86_64

Version: 0.8-0
Check: dependencies in R code
Result: NOTE
    Packages in Depends field not imported from:
     ‘MASS’ ‘fda’
     These packages need to be imported from (in the NAMESPACE file)
     for when this namespace is loaded but not attached.
    See the information on DESCRIPTION files in the chapter ‘Creating R
    packages’ of the ‘Writing R Extensions’ manual.
Flavors: r-release-linux-ix86, r-release-linux-x86_64, r-release-osx-x86_64-mavericks, r-release-windows-ix86+x86_64, r-oldrel-windows-ix86+x86_64

Version: 0.8-0
Check: dependencies in R code
Result: NOTE
    Packages in Depends field not imported from:
     'MASS' 'fda'
     These packages need to be imported from for the case when
     this namespace is loaded but not attached.
    See the information on DESCRIPTION files in the chapter 'Creating R
    packages' of the 'Writing R Extensions' manual.
Flavor: r-release-osx-x86_64-snowleopard