Last updated on 2014-10-02 01:48:29.
Flavor | Version | Tinstall | Tcheck | Ttotal | Status | Flags |
---|---|---|---|---|---|---|
r-devel-linux-x86_64-debian-clang | 1.1 | 0.66 | 10.75 | 11.41 | NOTE | |
r-devel-linux-x86_64-debian-gcc | 1.1 | 0.86 | 10.41 | 11.26 | NOTE | |
r-devel-linux-x86_64-fedora-clang | 1.1 | 22.66 | NOTE | |||
r-devel-linux-x86_64-fedora-gcc | 1.1 | 21.96 | NOTE | |||
r-devel-osx-x86_64-clang | 1.1 | 26.18 | NOTE | |||
r-devel-windows-ix86+x86_64 | 1.1 | 3.00 | 17.00 | 20.00 | NOTE | |
r-patched-linux-x86_64 | 1.1 | 0.69 | 10.76 | 11.44 | NOTE | |
r-patched-solaris-sparc | 1.1 | 136.30 | NOTE | |||
r-patched-solaris-x86 | 1.1 | 35.70 | NOTE | |||
r-release-linux-ix86 | 1.1 | 0.97 | 17.96 | 18.92 | NOTE | |
r-release-linux-x86_64 | 1.1 | 0.75 | 10.66 | 11.40 | NOTE | |
r-release-osx-x86_64-mavericks | 1.1 | NOTE | ||||
r-release-osx-x86_64-snowleopard | 1.1 | OK | ||||
r-release-windows-ix86+x86_64 | 1.1 | 3.00 | 19.00 | 22.00 | NOTE | |
r-oldrel-windows-ix86+x86_64 | 1.1 | 3.00 | 19.00 | 22.00 | NOTE |
Version: 1.1
Check: dependencies in R code
Result: NOTE
Package in Depends field not imported from: ‘lattice’
These packages need to be imported from (in the NAMESPACE file)
for when this namespace is loaded but not attached.
See the information on DESCRIPTION files in the chapter ‘Creating R
packages’ of the ‘Writing R Extensions’ manual.
Flavors: r-devel-linux-x86_64-debian-clang, r-devel-linux-x86_64-debian-gcc, r-devel-linux-x86_64-fedora-clang, r-devel-linux-x86_64-fedora-gcc, r-devel-osx-x86_64-clang, r-devel-windows-ix86+x86_64, r-patched-linux-x86_64, r-patched-solaris-sparc, r-patched-solaris-x86, r-release-linux-ix86, r-release-linux-x86_64, r-release-osx-x86_64-mavericks, r-release-windows-ix86+x86_64, r-oldrel-windows-ix86+x86_64
Version: 1.1
Check: R code for possible problems
Result: NOTE
svd3dplot: no visible global function definition for ‘wireframe’
svd3dplot: no visible global function definition for ‘levelplot’
Flavors: r-devel-linux-x86_64-debian-clang, r-devel-linux-x86_64-debian-gcc, r-devel-linux-x86_64-fedora-clang, r-devel-linux-x86_64-fedora-gcc, r-devel-osx-x86_64-clang, r-devel-windows-ix86+x86_64