Last updated on 2014-10-02 01:48:29.
Flavor | Version | Tinstall | Tcheck | Ttotal | Status | Flags |
---|---|---|---|---|---|---|
r-devel-linux-x86_64-debian-clang | 0.21-7 | 5.30 | 99.93 | 105.23 | NOTE | |
r-devel-linux-x86_64-debian-gcc | 0.21-7 | 6.59 | 100.44 | 107.03 | NOTE | |
r-devel-linux-x86_64-fedora-clang | 0.21-7 | 238.14 | NOTE | |||
r-devel-linux-x86_64-fedora-gcc | 0.21-7 | 228.78 | NOTE | |||
r-devel-osx-x86_64-clang | 0.21-7 | 166.06 | NOTE | |||
r-devel-windows-ix86+x86_64 | 0.21-7 | 26.00 | 167.00 | 193.00 | NOTE | |
r-patched-linux-x86_64 | 0.21-7 | 6.58 | 106.42 | 113.00 | NOTE | |
r-patched-solaris-sparc | 0.21-7 | 1230.50 | NOTE | |||
r-patched-solaris-x86 | 0.21-7 | 278.70 | NOTE | |||
r-release-linux-ix86 | 0.21-7 | 8.47 | 132.79 | 141.26 | NOTE | |
r-release-linux-x86_64 | 0.21-7 | 6.62 | 107.24 | 113.86 | NOTE | |
r-release-osx-x86_64-mavericks | 0.21-7 | ERROR | ||||
r-release-osx-x86_64-snowleopard | 0.21-7 | OK | ||||
r-release-windows-ix86+x86_64 | 0.21-7 | 28.00 | 188.00 | 216.00 | NOTE | |
r-oldrel-windows-ix86+x86_64 | 0.21-7 | 31.00 | 186.00 | 217.00 | NOTE |
Version: 0.21-7
Check: dependencies in R code
Result: NOTE
Packages in Depends field not imported from:
‘Rcpp’ ‘foreach’ ‘lattice’ ‘survival’ ‘xtable’
These packages need to be imported from (in the NAMESPACE file)
for when this namespace is loaded but not attached.
See the information on DESCRIPTION files in the chapter ‘Creating R
packages’ of the ‘Writing R Extensions’ manual.
Flavors: r-devel-linux-x86_64-debian-clang, r-devel-linux-x86_64-debian-gcc, r-devel-linux-x86_64-fedora-clang, r-devel-linux-x86_64-fedora-gcc, r-devel-osx-x86_64-clang, r-devel-windows-ix86+x86_64, r-patched-linux-x86_64, r-patched-solaris-sparc, r-patched-solaris-x86, r-release-linux-ix86, r-release-linux-x86_64, r-release-windows-ix86+x86_64, r-oldrel-windows-ix86+x86_64
Version: 0.21-7
Check: R code for possible problems
Result: NOTE
sim.snp.expsurv.sctest: no visible global function definition for
‘coxph’
survSNP.power.table: no visible global function definition for ‘%do%’
survSNP.power.table: no visible global function definition for ‘%:%’
survSNP.power.table: no visible global function definition for
‘foreach’
Flavors: r-devel-linux-x86_64-debian-clang, r-devel-linux-x86_64-debian-gcc, r-devel-linux-x86_64-fedora-clang, r-devel-linux-x86_64-fedora-gcc, r-devel-osx-x86_64-clang, r-devel-windows-ix86+x86_64
Version: 0.21-7
Check: whether package can be installed
Result: ERROR
Installation failed.
Flavor: r-release-osx-x86_64-mavericks