CRAN Package Check Results for Package strum

Last updated on 2014-10-02 01:48:29.

Flavor Version Tinstall Tcheck Ttotal Status Flags
r-devel-linux-x86_64-debian-clang 0.4 21.36 101.12 122.48 NOTE
r-devel-linux-x86_64-debian-gcc 0.4 22.87 103.49 126.36 NOTE
r-devel-linux-x86_64-fedora-clang 0.4 293.05 NOTE
r-devel-linux-x86_64-fedora-gcc 0.4 281.09 NOTE
r-devel-osx-x86_64-clang 0.4 210.55 NOTE
r-devel-windows-ix86+x86_64 0.4 64.00 168.00 232.00 NOTE
r-patched-linux-x86_64 0.4 23.16 105.60 128.76 OK
r-patched-solaris-sparc 0.4 1658.70 OK
r-patched-solaris-x86 0.4 370.20 OK
r-release-linux-ix86 0.4 29.14 131.32 160.45 OK
r-release-linux-x86_64 0.4 22.98 108.08 131.06 OK
r-release-osx-x86_64-mavericks 0.4 OK
r-release-osx-x86_64-snowleopard 0.4 OK
r-release-windows-ix86+x86_64 0.4 60.00 182.00 242.00 OK
r-oldrel-windows-ix86+x86_64 0.4 65.00 182.00 247.00 OK

Check Details

Version: 0.4
Check: R code for possible problems
Result: NOTE
    .estimateDeltaCovariance: no visible global function definition for
     ‘.bdiag’
    .plotModel: no visible global function definition for ‘ftM2graphNEL’
    .plotModel: no visible global function definition for ‘subGraph’
Flavors: r-devel-linux-x86_64-debian-clang, r-devel-linux-x86_64-debian-gcc, r-devel-linux-x86_64-fedora-clang, r-devel-linux-x86_64-fedora-gcc, r-devel-osx-x86_64-clang, r-devel-windows-ix86+x86_64