Last updated on 2014-10-02 01:48:29.
Flavor | Version | Tinstall | Tcheck | Ttotal | Status | Flags |
---|---|---|---|---|---|---|
r-devel-linux-x86_64-debian-clang | 1.1 | 1.66 | 27.71 | 29.37 | NOTE | |
r-devel-linux-x86_64-debian-gcc | 1.1 | 1.66 | 27.38 | 29.04 | NOTE | |
r-devel-linux-x86_64-fedora-clang | 1.1 | 61.00 | NOTE | |||
r-devel-linux-x86_64-fedora-gcc | 1.1 | 58.47 | NOTE | |||
r-devel-osx-x86_64-clang | 1.1 | 50.67 | NOTE | |||
r-devel-windows-ix86+x86_64 | 1.1 | 6.00 | 44.00 | 50.00 | NOTE | |
r-patched-linux-x86_64 | 1.1 | 1.66 | 29.92 | 31.58 | NOTE | |
r-patched-solaris-sparc | 1.1 | 382.80 | NOTE | |||
r-patched-solaris-x86 | 1.1 | 82.30 | NOTE | |||
r-release-linux-ix86 | 1.1 | 2.23 | 39.55 | 41.78 | NOTE | |
r-release-linux-x86_64 | 1.1 | 1.68 | 29.88 | 31.56 | NOTE | |
r-release-osx-x86_64-mavericks | 1.1 | NOTE | ||||
r-release-osx-x86_64-snowleopard | 1.1 | OK | ||||
r-release-windows-ix86+x86_64 | 1.1 | 6.00 | 46.00 | 52.00 | NOTE | |
r-oldrel-windows-ix86+x86_64 | 1.1 | 7.00 | 46.00 | 53.00 | NOTE |
Version: 1.1
Check: dependencies in R code
Result: NOTE
Packages in Depends field not imported from:
‘cubature’ ‘deldir’ ‘splancs’
These packages need to be imported from (in the NAMESPACE file)
for when this namespace is loaded but not attached.
See the information on DESCRIPTION files in the chapter ‘Creating R
packages’ of the ‘Writing R Extensions’ manual.
Flavors: r-devel-linux-x86_64-debian-clang, r-devel-linux-x86_64-debian-gcc, r-devel-linux-x86_64-fedora-clang, r-devel-linux-x86_64-fedora-gcc, r-devel-osx-x86_64-clang, r-devel-windows-ix86+x86_64, r-patched-linux-x86_64, r-patched-solaris-sparc, r-patched-solaris-x86, r-release-linux-ix86, r-release-linux-x86_64, r-release-osx-x86_64-mavericks, r-release-windows-ix86+x86_64, r-oldrel-windows-ix86+x86_64
Version: 1.1
Check: R code for possible problems
Result: NOTE
bin.info.cubature : compute.fun: no visible global function definition
for ‘adaptIntegrate’
tess.info : new.points: no visible global function definition for
‘as.points’
tess.info : new.points: no visible global function definition for ‘csr’
tess.info.MISER : int.fun: no visible global function definition for
‘as.points’
tess.info.MISER : int.fun: no visible global function definition for
‘inpip’
tessdev: no visible global function definition for ‘deldir’
tessdev: no visible global function definition for ‘tile.list’
tessdev : sum.l: no visible global function definition for ‘as.points’
tessdev : sum.l: no visible global function definition for ‘inpip’
tessdev.info : all: no visible global function definition for
‘as.points’
tessdev.info : all: no visible global function definition for ‘inpip’
tessresid: no visible global function definition for ‘deldir’
tessresid: no visible global function definition for ‘tile.list’
tessresid : num: no visible global function definition for ‘as.points’
tessresid : num: no visible global function definition for ‘inpip’
Flavors: r-devel-linux-x86_64-debian-clang, r-devel-linux-x86_64-debian-gcc, r-devel-linux-x86_64-fedora-clang, r-devel-linux-x86_64-fedora-gcc, r-devel-osx-x86_64-clang, r-devel-windows-ix86+x86_64
Version: 1.1
Check: Rd line widths
Result: NOTE
Rd file 'gridresid.Rd':
\usage lines wider than 90 characters:
gridresid(X, cifunction, theta = NULL, lambda = NULL, grid = c(10, 10), gf = NULL, resid = c("raw", "pearson", "inverse"), algthm = c(" ... [TRUNCATED]
These lines will be truncated in the PDF manual.
Flavors: r-devel-linux-x86_64-debian-clang, r-devel-linux-x86_64-debian-gcc, r-devel-linux-x86_64-fedora-clang, r-devel-linux-x86_64-fedora-gcc, r-patched-linux-x86_64, r-release-linux-x86_64