CRAN Package Check Results for Package stochprofML

Last updated on 2014-10-02 01:48:29.

Flavor Version Tinstall Tcheck Ttotal Status Flags
r-devel-linux-x86_64-debian-clang 1.1 0.97 20.53 21.50 NOTE
r-devel-linux-x86_64-debian-gcc 1.1 0.90 20.58 21.48 NOTE
r-devel-linux-x86_64-fedora-clang 1.1 40.99 NOTE
r-devel-linux-x86_64-fedora-gcc 1.1 39.36 NOTE
r-devel-osx-x86_64-clang 1.1 39.15 NOTE
r-devel-windows-ix86+x86_64 1.1 3.00 28.00 31.00 NOTE
r-patched-linux-x86_64 1.1 1.02 20.70 21.72 OK
r-patched-solaris-sparc 1.1 255.10 OK
r-patched-solaris-x86 1.1 55.30 OK
r-release-linux-ix86 1.1 1.30 27.13 28.42 OK
r-release-linux-x86_64 1.1 1.34 20.74 22.08 OK
r-release-osx-x86_64-mavericks 1.1 OK
r-release-osx-x86_64-snowleopard 1.1 OK
r-release-windows-ix86+x86_64 1.1 4.00 29.00 33.00 OK
r-oldrel-windows-ix86+x86_64 1.1 4.00 29.00 33.00 OK

Check Details

Version: 1.1
Check: R code for possible problems
Result: NOTE
    analyze.sod2: no visible binding for global variable ‘sod2’
Flavors: r-devel-linux-x86_64-debian-clang, r-devel-linux-x86_64-debian-gcc, r-devel-linux-x86_64-fedora-clang, r-devel-linux-x86_64-fedora-gcc, r-devel-osx-x86_64-clang, r-devel-windows-ix86+x86_64