Last updated on 2014-10-02 01:48:29.
Flavor | Version | Tinstall | Tcheck | Ttotal | Status | Flags |
---|---|---|---|---|---|---|
r-devel-linux-x86_64-debian-clang | 0.3-5 | 0.95 | 19.82 | 20.76 | NOTE | |
r-devel-linux-x86_64-debian-gcc | 0.3-5 | 1.16 | 20.76 | 21.92 | NOTE | |
r-devel-linux-x86_64-fedora-clang | 0.3-5 | 34.67 | NOTE | |||
r-devel-linux-x86_64-fedora-gcc | 0.3-5 | 31.65 | NOTE | |||
r-devel-osx-x86_64-clang | 0.3-5 | 38.05 | NOTE | |||
r-devel-windows-ix86+x86_64 | 0.3-5 | 4.00 | 32.00 | 36.00 | NOTE | |
r-patched-linux-x86_64 | 0.3-5 | 0.98 | 19.59 | 20.56 | NOTE | |
r-patched-solaris-sparc | 0.3-5 | 194.20 | NOTE | |||
r-patched-solaris-x86 | 0.3-5 | 49.00 | NOTE | |||
r-release-linux-ix86 | 0.3-5 | 1.35 | 26.97 | 28.32 | NOTE | |
r-release-linux-x86_64 | 0.3-5 | 1.00 | 20.11 | 21.11 | NOTE | |
r-release-osx-x86_64-mavericks | 0.3-5 | NOTE | ||||
r-release-windows-ix86+x86_64 | 0.3-5 | 5.00 | 39.00 | 44.00 | NOTE | |
r-oldrel-windows-ix86+x86_64 | 0.3-5 | 3.00 | 32.00 | 35.00 | NOTE |
Version: 0.3-5
Check: dependencies in R code
Result: NOTE
Package in Depends field not imported from: ‘methods’
These packages need to be imported from (in the NAMESPACE file)
for when this namespace is loaded but not attached.
See the information on DESCRIPTION files in the chapter ‘Creating R
packages’ of the ‘Writing R Extensions’ manual.
Flavors: r-devel-linux-x86_64-debian-clang, r-devel-linux-x86_64-debian-gcc, r-devel-linux-x86_64-fedora-clang, r-devel-linux-x86_64-fedora-gcc, r-devel-osx-x86_64-clang, r-devel-windows-ix86+x86_64, r-patched-linux-x86_64, r-patched-solaris-sparc, r-patched-solaris-x86, r-release-linux-ix86, r-release-linux-x86_64, r-release-osx-x86_64-mavericks, r-release-windows-ix86+x86_64, r-oldrel-windows-ix86+x86_64