Last updated on 2014-10-02 01:48:29.
Flavor | Version | Tinstall | Tcheck | Ttotal | Status | Flags |
---|---|---|---|---|---|---|
r-devel-linux-x86_64-debian-clang | 0.6-6 | 0.56 | 53.46 | 54.03 | NOTE | |
r-devel-linux-x86_64-debian-gcc | 0.6-6 | 0.56 | 52.42 | 52.99 | NOTE | |
r-devel-linux-x86_64-fedora-clang | 0.6-6 | 118.78 | NOTE | |||
r-devel-linux-x86_64-fedora-gcc | 0.6-6 | 115.69 | NOTE | |||
r-devel-osx-x86_64-clang | 0.6-6 | 87.76 | OK | |||
r-devel-windows-ix86+x86_64 | 0.6-6 | 2.00 | 83.00 | 85.00 | OK | |
r-patched-linux-x86_64 | 0.6-6 | 0.59 | 58.46 | 59.05 | NOTE | |
r-patched-solaris-sparc | 0.6-6 | 768.60 | OK | |||
r-patched-solaris-x86 | 0.6-6 | 134.00 | OK | |||
r-release-linux-ix86 | 0.6-6 | 0.80 | 72.86 | 73.66 | OK | |
r-release-linux-x86_64 | 0.6-6 | 0.58 | 57.80 | 58.38 | NOTE | |
r-release-osx-x86_64-mavericks | 0.6-6 | OK | ||||
r-release-windows-ix86+x86_64 | 0.6-6 | 3.00 | 94.00 | 97.00 | OK | |
r-oldrel-windows-ix86+x86_64 | 0.6-6 | 3.00 | 93.00 | 96.00 | OK |
Version: 0.6-6
Check: top-level files
Result: NOTE
Non-standard file/directory found at top level:
‘Done’
Flavors: r-devel-linux-x86_64-debian-clang, r-devel-linux-x86_64-debian-gcc, r-devel-linux-x86_64-fedora-clang, r-devel-linux-x86_64-fedora-gcc, r-patched-linux-x86_64, r-release-linux-x86_64