Last updated on 2014-10-02 01:48:29.
Flavor | Version | Tinstall | Tcheck | Ttotal | Status | Flags |
---|---|---|---|---|---|---|
r-devel-linux-x86_64-debian-clang | 0.5-1 | 1.13 | 35.52 | 36.65 | NOTE | |
r-devel-linux-x86_64-debian-gcc | 0.5-1 | 1.15 | 34.93 | 36.08 | NOTE | |
r-devel-linux-x86_64-fedora-clang | 0.5-1 | 79.72 | NOTE | |||
r-devel-linux-x86_64-fedora-gcc | 0.5-1 | 73.41 | NOTE | |||
r-devel-osx-x86_64-clang | 0.5-1 | 67.27 | NOTE | |||
r-devel-windows-ix86+x86_64 | 0.5-1 | 4.00 | 58.00 | 62.00 | NOTE | |
r-patched-linux-x86_64 | 0.5-1 | 1.12 | 41.06 | 42.17 | NOTE | |
r-patched-solaris-sparc | 0.5-1 | 487.80 | NOTE | |||
r-patched-solaris-x86 | 0.5-1 | 99.40 | NOTE | |||
r-release-linux-ix86 | 0.5-1 | 1.54 | 50.93 | 52.46 | OK | |
r-release-linux-x86_64 | 0.5-1 | 1.22 | 39.95 | 41.17 | OK | |
r-release-osx-x86_64-mavericks | 0.5-1 | OK | ||||
r-release-osx-x86_64-snowleopard | 0.5-1 | OK | ||||
r-release-windows-ix86+x86_64 | 0.5-1 | 4.00 | 64.00 | 68.00 | OK | |
r-oldrel-windows-ix86+x86_64 | 0.5-1 | 4.00 | 57.00 | 61.00 | OK |
Version: 0.5-1
Check: dependencies in R code
Result: NOTE
Package in Depends field not imported from: ‘grid’
These packages need to be imported from (in the NAMESPACE file)
for when this namespace is loaded but not attached.
See the information on DESCRIPTION files in the chapter ‘Creating R
packages’ of the ‘Writing R Extensions’ manual.
Flavors: r-devel-linux-x86_64-debian-clang, r-devel-linux-x86_64-debian-gcc, r-devel-linux-x86_64-fedora-clang, r-devel-linux-x86_64-fedora-gcc, r-devel-osx-x86_64-clang, r-devel-windows-ix86+x86_64, r-patched-linux-x86_64, r-patched-solaris-sparc, r-patched-solaris-x86
Version: 0.5-1
Check: R code for possible problems
Result: NOTE
plot.power : <anonymous>: no visible global function definition for
‘grid.lines’
plot.power : <anonymous>: no visible global function definition for
‘unit’
plot.power : <anonymous>: no visible global function definition for
‘arrow’
plot.power : <anonymous>: no visible global function definition for
‘grid.text’
plot.power : <anonymous>: no visible global function definition for
‘grid.points’
Flavors: r-devel-linux-x86_64-debian-clang, r-devel-linux-x86_64-debian-gcc, r-devel-linux-x86_64-fedora-clang, r-devel-linux-x86_64-fedora-gcc, r-devel-osx-x86_64-clang, r-devel-windows-ix86+x86_64