Last updated on 2014-10-02 01:48:29.
Flavor | Version | Tinstall | Tcheck | Ttotal | Status | Flags |
---|---|---|---|---|---|---|
r-devel-linux-x86_64-debian-clang | 0.8.2 | 1.90 | 38.22 | 40.12 | NOTE | |
r-devel-linux-x86_64-debian-gcc | 0.8.2 | 1.98 | 36.93 | 38.91 | NOTE | |
r-devel-linux-x86_64-fedora-clang | 0.8.2 | 84.10 | NOTE | |||
r-devel-linux-x86_64-fedora-gcc | 0.8.2 | 80.53 | NOTE | |||
r-devel-osx-x86_64-clang | 0.8.2 | 78.27 | NOTE | |||
r-devel-windows-ix86+x86_64 | 0.8.2 | 5.00 | 55.00 | 60.00 | NOTE | |
r-patched-linux-x86_64 | 0.8.2 | 1.96 | 40.58 | 42.53 | OK | |
r-patched-solaris-sparc | 0.8.2 | 488.30 | OK | |||
r-patched-solaris-x86 | 0.8.2 | 104.20 | OK | |||
r-release-linux-ix86 | 0.8.2 | 2.68 | 50.00 | 52.68 | OK | |
r-release-linux-x86_64 | 0.8.2 | 2.71 | 39.87 | 42.58 | OK | |
r-release-osx-x86_64-mavericks | 0.8.2 | NOTE | ||||
r-release-osx-x86_64-snowleopard | 0.8.2 | OK | ||||
r-release-windows-ix86+x86_64 | 0.8.2 | 5.00 | 64.00 | 69.00 | OK | |
r-oldrel-windows-ix86+x86_64 | 0.8.2 | 5.00 | 64.00 | 69.00 | OK |
Version: 0.8.2
Check: R code for possible problems
Result: NOTE
run_ss3sim: no visible global function definition for ‘%dopar%’
run_ss3sim: no visible global function definition for ‘foreach’
setup_parallel: no visible global function definition for
‘getDoParWorkers’
Flavors: r-devel-linux-x86_64-debian-clang, r-devel-linux-x86_64-debian-gcc, r-devel-linux-x86_64-fedora-clang, r-devel-linux-x86_64-fedora-gcc, r-devel-osx-x86_64-clang, r-devel-windows-ix86+x86_64
Version: 0.8.2
Check: re-building of vignette outputs
Result: NOTE
Error in re-building vignettes:
...
Warning: running command 'kpsewhich framed.sty' had status 1
Warning in test_latex_pkg("framed", system.file("misc", "framed.sty", package = "knitr")) :
unable to find LaTeX package 'framed'; will use a copy from knitr
Error in texi2dvi(file = file, pdf = TRUE, clean = clean, quiet = quiet, :
Running 'texi2dvi' on 'ss3sim-vignette.tex' failed.
LaTeX errors:
! LaTeX Error: File `appendix.sty' not found.
Type X to quit or <RETURN> to proceed,
or enter new name. (Default extension: sty)
test/ss3sim/vignettes/ss3sim-vignette.tex:70: ==> Fatal error occurred, no out
put PDF file produced!
Calls: buildVignettes -> texi2pdf -> texi2dvi
Execution halted
Flavor: r-release-osx-x86_64-mavericks