Last updated on 2014-10-02 01:48:29.
Flavor | Version | Tinstall | Tcheck | Ttotal | Status | Flags |
---|---|---|---|---|---|---|
r-devel-linux-x86_64-debian-clang | 1.1.2 | 1.53 | 20.39 | 21.92 | NOTE | |
r-devel-linux-x86_64-debian-gcc | 1.1.2 | 1.42 | 19.82 | 21.24 | NOTE | |
r-devel-linux-x86_64-fedora-clang | 1.1.2 | 46.51 | NOTE | |||
r-devel-linux-x86_64-fedora-gcc | 1.1.2 | 44.44 | NOTE | |||
r-devel-osx-x86_64-clang | 1.1.2 | 45.93 | NOTE | |||
r-devel-windows-ix86+x86_64 | 1.1.2 | 6.00 | 34.00 | 40.00 | NOTE | |
r-patched-linux-x86_64 | 1.1.2 | 1.45 | 21.28 | 22.73 | OK | |
r-patched-solaris-sparc | 1.1.2 | 248.70 | NOTE | |||
r-patched-solaris-x86 | 1.1.2 | 65.40 | NOTE | |||
r-release-linux-ix86 | 1.1.2 | 1.94 | 29.34 | 31.29 | OK | |
r-release-linux-x86_64 | 1.1.2 | 1.50 | 21.92 | 23.42 | OK | |
r-release-osx-x86_64-mavericks | 1.1.2 | NOTE | ||||
r-release-osx-x86_64-snowleopard | 1.1.2 | OK | ||||
r-release-windows-ix86+x86_64 | 1.1.2 | 7.00 | 38.00 | 45.00 | NOTE | |
r-oldrel-windows-ix86+x86_64 | 1.1.2 | 6.00 | 37.00 | 43.00 | NOTE |
Version: 1.1.2
Check: R code for possible problems
Result: NOTE
isql : OnOK: no visible global function definition for ‘tclvalue’
isql : OnOK: no visible global function definition for ‘tkget’
isql : OnOK: no visible global function definition for ‘tkdestroy’
isql : OnCancel: no visible global function definition for ‘tkdestroy’
isql: no visible global function definition for ‘tktoplevel’
isql: no visible global function definition for ‘tkpack’
isql: no visible global function definition for ‘tklabel’
isql: no visible global function definition for ‘tktext’
isql: no visible global function definition for ‘tkmark.set’
isql: no visible global function definition for ‘tkinsert’
isql: no visible global function definition for ‘tkbutton’
isql: no visible global function definition for ‘tkfocus’
isql: no visible global function definition for ‘tkbind’
isql : <anonymous>: no visible global function definition for
‘tkgrab.release’
isql: no visible global function definition for ‘tkwait.window’
sqlexec.RODBC: no visible global function definition for ‘sqlQuery’
Flavors: r-devel-linux-x86_64-debian-clang, r-devel-linux-x86_64-debian-gcc, r-devel-linux-x86_64-fedora-clang, r-devel-linux-x86_64-fedora-gcc, r-devel-osx-x86_64-clang, r-devel-windows-ix86+x86_64
Version: 1.1.2
Check: package dependencies
Result: NOTE
Package suggested but not available for checking: ‘RMySQL’
Flavors: r-devel-osx-x86_64-clang, r-devel-windows-ix86+x86_64, r-patched-solaris-sparc, r-patched-solaris-x86, r-release-windows-ix86+x86_64, r-oldrel-windows-ix86+x86_64
Version: 1.1.2
Check: package dependencies
Result: NOTE
Packages suggested but not available for checking:
‘RPostgreSQL’ ‘RODBC’ ‘RMySQL’
Flavor: r-release-osx-x86_64-mavericks
Version: 1.1.2
Check: R code for possible problems
Result: NOTE
sqlexec.RODBC: no visible global function definition for ‘sqlQuery’
Flavor: r-release-osx-x86_64-mavericks