Last updated on 2014-10-02 01:48:28.
Flavor | Version | Tinstall | Tcheck | Ttotal | Status | Flags |
---|---|---|---|---|---|---|
r-devel-linux-x86_64-debian-clang | 0.6-24 | 1.66 | 36.50 | 38.15 | NOTE | |
r-devel-linux-x86_64-debian-gcc | 0.6-24 | 1.84 | 35.19 | 37.04 | NOTE | |
r-devel-linux-x86_64-fedora-clang | 0.6-24 | 81.87 | NOTE | |||
r-devel-linux-x86_64-fedora-gcc | 0.6-24 | 76.76 | NOTE | |||
r-devel-osx-x86_64-clang | 0.6-24 | 69.58 | NOTE | |||
r-devel-windows-ix86+x86_64 | 0.6-24 | 7.00 | 61.00 | 68.00 | NOTE | |
r-patched-linux-x86_64 | 0.6-24 | 1.66 | 40.34 | 42.00 | OK | |
r-patched-solaris-sparc | 0.6-24 | 472.80 | OK | |||
r-patched-solaris-x86 | 0.6-24 | 109.20 | OK | |||
r-release-linux-ix86 | 0.6-24 | 2.18 | 50.15 | 52.32 | OK | |
r-release-linux-x86_64 | 0.6-24 | 1.66 | 38.71 | 40.37 | OK | |
r-release-osx-x86_64-mavericks | 0.6-24 | ERROR | ||||
r-release-osx-x86_64-snowleopard | 0.6-24 | OK | ||||
r-release-windows-ix86+x86_64 | 0.6-24 | 7.00 | 77.00 | 84.00 | OK | |
r-oldrel-windows-ix86+x86_64 | 0.6-24 | 7.00 | 70.00 | 77.00 | OK |
Version: 0.6-24
Check: R code for possible problems
Result: NOTE
gwr: no visible global function definition for ‘splitIndices’
gwr: no visible global function definition for ‘clusterEvalQ’
gwr: no visible global function definition for ‘clusterExport’
gwr: no visible global function definition for ‘parLapply’
gwr.morantest: no visible global function definition for ‘listw2mat’
gwr.morantest: no visible global function definition for ‘listw2U’
Flavors: r-devel-linux-x86_64-debian-clang, r-devel-linux-x86_64-debian-gcc, r-devel-linux-x86_64-fedora-clang, r-devel-linux-x86_64-fedora-gcc, r-devel-osx-x86_64-clang, r-devel-windows-ix86+x86_64
Version: 0.6-24
Check: package dependencies
Result: NOTE
Packages suggested but not available for checking: ‘spdep’ ‘maptools’
Flavor: r-release-osx-x86_64-mavericks
Version: 0.6-24
Check: R code for possible problems
Result: NOTE
gwr.morantest: no visible global function definition for ‘listw2mat’
gwr.morantest: no visible global function definition for ‘listw2U’
Flavor: r-release-osx-x86_64-mavericks
Version: 0.6-24
Check: examples
Result: ERROR
Running examples in ‘spgwr-Ex.R’ failed
The error most likely occurred in:
> ### Name: ggwr
> ### Title: Generalised geographically weighted regression
> ### Aliases: ggwr
> ### Keywords: spatial
>
> ### ** Examples
>
> library(maptools)
Error in library(maptools) : there is no package called ‘maptools’
Execution halted
Flavor: r-release-osx-x86_64-mavericks