Last updated on 2014-10-02 01:48:28.
Flavor | Version | Tinstall | Tcheck | Ttotal | Status | Flags |
---|---|---|---|---|---|---|
r-devel-linux-x86_64-debian-clang | 0.7.2.125 | 4.92 | 64.30 | 69.22 | OK | |
r-devel-linux-x86_64-debian-gcc | 0.7.2.125 | 4.94 | 63.09 | 68.03 | OK | |
r-devel-linux-x86_64-fedora-clang | 0.7.2.125 | 156.46 | OK | |||
r-devel-linux-x86_64-fedora-gcc | 0.7.2.125 | 146.11 | OK | |||
r-devel-osx-x86_64-clang | 0.7.2.125 | 122.08 | OK | |||
r-devel-windows-ix86+x86_64 | 0.7.2.125 | 17.00 | 98.00 | 115.00 | OK | |
r-patched-linux-x86_64 | 0.7.2.125 | 5.24 | 67.57 | 72.81 | OK | |
r-patched-solaris-sparc | 0.7.2.125 | 855.90 | OK | |||
r-patched-solaris-x86 | 0.7.2.125 | 200.00 | OK | |||
r-release-linux-ix86 | 0.7.2.125 | 6.21 | 84.56 | 90.76 | OK | |
r-release-linux-x86_64 | 0.7.2.125 | 5.36 | 67.04 | 72.40 | OK | |
r-release-osx-x86_64-mavericks | 0.7.2.125 | ERROR | ||||
r-release-osx-x86_64-snowleopard | 0.7.2.125 | OK | ||||
r-release-windows-ix86+x86_64 | 0.7.2.125 | 19.00 | 109.00 | 128.00 | OK | |
r-oldrel-windows-ix86+x86_64 | 0.7.2.125 | 21.00 | 108.00 | 129.00 | OK |
Version: 0.7.2.125
Check: package dependencies
Result: ERROR
Package required but not available: ‘Rssa’
See the information on DESCRIPTION files in the chapter ‘Creating R
packages’ of the ‘Writing R Extensions’ manual.
Flavor: r-release-osx-x86_64-mavericks