Last updated on 2014-10-02 01:48:28.
Flavor | Version | Tinstall | Tcheck | Ttotal | Status | Flags |
---|---|---|---|---|---|---|
r-devel-linux-x86_64-debian-clang | 1.0.0 | 47.56 | 15.84 | 63.40 | NOTE | |
r-devel-linux-x86_64-debian-gcc | 1.0.0 | 53.51 | 14.29 | 67.80 | NOTE | |
r-devel-linux-x86_64-fedora-clang | 1.0.0 | 138.90 | NOTE | |||
r-devel-linux-x86_64-fedora-gcc | 1.0.0 | 128.04 | NOTE | |||
r-devel-osx-x86_64-clang | 1.0.0 | 68.49 | OK | |||
r-devel-windows-ix86+x86_64 | 1.0.0 | 136.00 | 38.00 | 174.00 | OK | |
r-patched-linux-x86_64 | 1.0.0 | 53.88 | 14.89 | 68.77 | NOTE | |
r-patched-solaris-sparc | 1.0.0 | 859.20 | NOTE | |||
r-patched-solaris-x86 | 1.0.0 | 174.00 | NOTE | |||
r-release-linux-ix86 | 1.0.0 | 69.07 | 21.57 | 90.64 | NOTE | |
r-release-linux-x86_64 | 1.0.0 | 53.29 | 14.90 | 68.19 | NOTE | |
r-release-osx-x86_64-mavericks | 1.0.0 | NOTE | ||||
r-release-osx-x86_64-snowleopard | 1.0.0 | OK | ||||
r-release-windows-ix86+x86_64 | 1.0.0 | 143.00 | 41.00 | 184.00 | OK | |
r-oldrel-windows-ix86+x86_64 | 1.0.0 | 148.00 | 41.00 | 189.00 | OK |
Version: 1.0.0
Check: installed package size
Result: NOTE
installed size is 8.4Mb
sub-directories of 1Mb or more:
libs 8.2Mb
Flavors: r-devel-linux-x86_64-debian-clang, r-devel-linux-x86_64-debian-gcc, r-devel-linux-x86_64-fedora-clang, r-devel-linux-x86_64-fedora-gcc, r-patched-linux-x86_64, r-patched-solaris-sparc, r-patched-solaris-x86, r-release-linux-ix86, r-release-linux-x86_64, r-release-osx-x86_64-mavericks