Last updated on 2014-10-02 01:48:28.
Flavor | Version | Tinstall | Tcheck | Ttotal | Status | Flags |
---|---|---|---|---|---|---|
r-devel-linux-x86_64-debian-clang | 1.1.1 | 2.78 | 38.74 | 41.52 | NOTE | |
r-devel-linux-x86_64-debian-gcc | 1.1.1 | 2.57 | 38.09 | 40.66 | NOTE | |
r-devel-linux-x86_64-fedora-clang | 1.1.1 | 91.72 | NOTE | |||
r-devel-linux-x86_64-fedora-gcc | 1.1.1 | 82.76 | NOTE | |||
r-devel-osx-x86_64-clang | 1.1.1 | 68.26 | NOTE | |||
r-devel-windows-ix86+x86_64 | 1.1.1 | 9.00 | 60.00 | 69.00 | NOTE | |
r-patched-linux-x86_64 | 1.1.1 | 2.65 | 39.98 | 42.64 | OK | |
r-patched-solaris-sparc | 1.1.1 | 537.40 | OK | |||
r-patched-solaris-x86 | 1.1.1 | 122.30 | OK | |||
r-release-linux-ix86 | 1.1.1 | 3.50 | 49.94 | 53.44 | OK | |
r-release-linux-x86_64 | 1.1.1 | 2.67 | 40.10 | 42.77 | OK | |
r-release-osx-x86_64-mavericks | 1.1.1 | ERROR | ||||
r-release-osx-x86_64-snowleopard | 1.1.1 | OK | ||||
r-release-windows-ix86+x86_64 | 1.1.1 | 9.00 | 65.00 | 74.00 | OK | |
r-oldrel-windows-ix86+x86_64 | 1.1.1 | 9.00 | 66.00 | 75.00 | OK |
Version: 1.1.1
Check: R code for possible problems
Result: NOTE
multiple_sounds: no visible global function definition for
‘detectCores’
multiple_sounds: no visible global function definition for
‘makeCluster’
multiple_sounds: no visible global function definition for ‘parLapply’
multiple_sounds: no visible global function definition for
‘stopCluster’
sound_raster: no visible global function definition for ‘detectCores’
sound_raster: no visible global function definition for ‘makeCluster’
sound_raster: no visible global function definition for ‘parLapply’
sound_raster: no visible global function definition for ‘stopCluster’
Flavors: r-devel-linux-x86_64-debian-clang, r-devel-linux-x86_64-debian-gcc, r-devel-linux-x86_64-fedora-clang, r-devel-linux-x86_64-fedora-gcc, r-devel-osx-x86_64-clang, r-devel-windows-ix86+x86_64
Version: 1.1.1
Check: package dependencies
Result: ERROR
Package required but not available: ‘seewave’
See the information on DESCRIPTION files in the chapter ‘Creating R
packages’ of the ‘Writing R Extensions’ manual.
Flavor: r-release-osx-x86_64-mavericks