Last updated on 2014-10-02 01:48:28.
Flavor | Version | Tinstall | Tcheck | Ttotal | Status | Flags |
---|---|---|---|---|---|---|
r-devel-linux-x86_64-debian-clang | 0.6.23 | 2.27 | 30.68 | 32.95 | NOTE | |
r-devel-linux-x86_64-debian-gcc | 0.6.23 | 2.36 | 30.39 | 32.75 | NOTE | |
r-devel-linux-x86_64-fedora-clang | 0.6.23 | 69.41 | NOTE | |||
r-devel-linux-x86_64-fedora-gcc | 0.6.23 | 65.57 | NOTE | |||
r-devel-osx-x86_64-clang | 0.6.23 | 59.46 | NOTE | |||
r-devel-windows-ix86+x86_64 | 0.6.23 | 9.00 | 52.00 | 61.00 | NOTE | |
r-patched-linux-x86_64 | 0.6.23 | 2.37 | 32.19 | 34.56 | OK | |
r-patched-solaris-sparc | 0.6.23 | 417.40 | OK | |||
r-patched-solaris-x86 | 0.6.23 | 96.70 | OK | |||
r-release-linux-ix86 | 0.6.23 | 3.00 | 42.53 | 45.53 | OK | |
r-release-linux-x86_64 | 0.6.23 | 2.40 | 32.18 | 34.58 | OK | |
r-release-osx-x86_64-mavericks | 0.6.23 | OK | ||||
r-release-osx-x86_64-snowleopard | 0.6.23 | OK | ||||
r-release-windows-ix86+x86_64 | 0.6.23 | 9.00 | 61.00 | 70.00 | OK | |
r-oldrel-windows-ix86+x86_64 | 0.6.23 | 9.00 | 58.00 | 67.00 | OK |
Version: 0.6.23
Check: R code for possible problems
Result: NOTE
get_municipality_info_statfi: no visible global function definition for
‘cast’
Flavors: r-devel-linux-x86_64-debian-clang, r-devel-linux-x86_64-debian-gcc, r-devel-linux-x86_64-fedora-clang, r-devel-linux-x86_64-fedora-gcc, r-devel-osx-x86_64-clang, r-devel-windows-ix86+x86_64