Last updated on 2014-10-02 01:48:28.
Flavor | Version | Tinstall | Tcheck | Ttotal | Status | Flags |
---|---|---|---|---|---|---|
r-devel-linux-x86_64-debian-clang | 1.6.4 | 0.90 | 13.33 | 14.24 | NOTE | |
r-devel-linux-x86_64-debian-gcc | 1.6.4 | 0.81 | 12.94 | 13.75 | NOTE | |
r-devel-linux-x86_64-fedora-clang | 1.6.4 | 28.92 | NOTE | |||
r-devel-linux-x86_64-fedora-gcc | 1.6.4 | 26.94 | NOTE | |||
r-devel-osx-x86_64-clang | 1.6.4 | 28.11 | NOTE | |||
r-devel-windows-ix86+x86_64 | 1.6.4 | 3.00 | 22.00 | 25.00 | NOTE | |
r-patched-linux-x86_64 | 1.6.4 | 0.88 | 13.27 | 14.14 | NOTE | |
r-patched-solaris-sparc | 1.6.4 | 167.30 | NOTE | |||
r-patched-solaris-x86 | 1.6.4 | 42.00 | NOTE | |||
r-release-linux-ix86 | 1.6.4 | 1.20 | 19.44 | 20.65 | NOTE | |
r-release-linux-x86_64 | 1.6.4 | 0.89 | 13.32 | 14.21 | NOTE | |
r-release-osx-x86_64-mavericks | 1.6.4 | NOTE | ||||
r-release-osx-x86_64-snowleopard | 1.6.4 | NOTE | ||||
r-release-windows-ix86+x86_64 | 1.6.4 | 3.00 | 24.00 | 27.00 | NOTE | |
r-oldrel-windows-ix86+x86_64 | 1.6.4 | 3.00 | 25.00 | 28.00 | NOTE |
Version: 1.6.4
Check: dependencies in R code
Result: NOTE
'library' or 'require' call to ‘hexbin’ which was already attached by Depends.
Please remove these calls from your code.
See the information on DESCRIPTION files in the chapter ‘Creating R
packages’ of the ‘Writing R Extensions’ manual.
Flavors: r-devel-linux-x86_64-debian-clang, r-devel-linux-x86_64-debian-gcc, r-devel-linux-x86_64-fedora-clang, r-devel-linux-x86_64-fedora-gcc, r-devel-osx-x86_64-clang, r-devel-windows-ix86+x86_64, r-patched-linux-x86_64, r-patched-solaris-sparc, r-patched-solaris-x86, r-release-linux-ix86, r-release-linux-x86_64, r-release-osx-x86_64-mavericks, r-release-osx-x86_64-snowleopard, r-release-windows-ix86+x86_64, r-oldrel-windows-ix86+x86_64