CRAN Package Check Results for Package soilprofile

Last updated on 2014-10-02 01:48:28.

Flavor Version Tinstall Tcheck Ttotal Status Flags
r-devel-linux-x86_64-debian-clang 1.0 2.62 30.94 33.55 NOTE
r-devel-linux-x86_64-debian-gcc 1.0 2.59 30.13 32.72 NOTE
r-devel-linux-x86_64-fedora-clang 1.0 73.29 NOTE
r-devel-linux-x86_64-fedora-gcc 1.0 67.97 NOTE
r-devel-osx-x86_64-clang 1.0 58.50 NOTE
r-devel-windows-ix86+x86_64 1.0 11.00 52.00 63.00 NOTE
r-patched-linux-x86_64 1.0 2.73 33.06 35.79 NOTE
r-patched-solaris-sparc 1.0 385.60 NOTE
r-patched-solaris-x86 1.0 97.90 NOTE
r-release-linux-ix86 1.0 3.59 41.46 45.05 NOTE
r-release-linux-x86_64 1.0 2.80 33.63 36.44 NOTE
r-release-osx-x86_64-mavericks 1.0 ERROR
r-release-osx-x86_64-snowleopard 1.0 ERROR
r-release-windows-ix86+x86_64 1.0 12.00 55.00 67.00 NOTE
r-oldrel-windows-ix86+x86_64 1.0 13.00 57.00 70.00 NOTE

Check Details

Version: 1.0
Check: dependencies in R code
Result: NOTE
    Packages in Depends field not imported from:
     ‘aqp’ ‘lattice’ ‘methods’ ‘munsell’ ‘splancs’
     These packages need to be imported from (in the NAMESPACE file)
     for when this namespace is loaded but not attached.
    See the information on DESCRIPTION files in the chapter ‘Creating R
    packages’ of the ‘Writing R Extensions’ manual.
Flavors: r-devel-linux-x86_64-debian-clang, r-devel-linux-x86_64-debian-gcc, r-devel-linux-x86_64-fedora-clang, r-devel-linux-x86_64-fedora-gcc, r-devel-osx-x86_64-clang, r-devel-windows-ix86+x86_64, r-patched-linux-x86_64, r-patched-solaris-sparc, r-patched-solaris-x86, r-release-linux-ix86, r-release-linux-x86_64, r-release-windows-ix86+x86_64, r-oldrel-windows-ix86+x86_64

Version: 1.0
Check: R code for possible problems
Result: NOTE
    eplot: no visible global function definition for ‘trellis.par.get’
    eplot: no visible global function definition for ‘trellis.par.set’
    eplot: no visible global function definition for ‘xyplot’
    munsell_to_rgb: no visible global function definition for ‘munsell2rgb’
    roots: no visible global function definition for ‘areapl’
    roots: no visible global function definition for ‘point.in.polygon’
    skeletal: no visible global function definition for ‘areapl’
    skeletal: no visible global function definition for ‘point.in.polygon’
Flavors: r-devel-linux-x86_64-debian-clang, r-devel-linux-x86_64-debian-gcc, r-devel-linux-x86_64-fedora-clang, r-devel-linux-x86_64-fedora-gcc, r-devel-osx-x86_64-clang, r-devel-windows-ix86+x86_64

Version: 1.0
Check: package dependencies
Result: ERROR
    Package required but not available: ‘aqp’
    
    See the information on DESCRIPTION files in the chapter ‘Creating R
    packages’ of the ‘Writing R Extensions’ manual.
Flavors: r-release-osx-x86_64-mavericks, r-release-osx-x86_64-snowleopard