Last updated on 2014-10-02 01:48:28.
Flavor | Version | Tinstall | Tcheck | Ttotal | Status | Flags |
---|---|---|---|---|---|---|
r-devel-linux-x86_64-debian-clang | 0.3-13 | 0.67 | 11.78 | 12.45 | NOTE | |
r-devel-linux-x86_64-debian-gcc | 0.3-13 | 0.60 | 11.50 | 12.10 | NOTE | |
r-devel-linux-x86_64-fedora-clang | 0.3-13 | 25.72 | NOTE | |||
r-devel-linux-x86_64-fedora-gcc | 0.3-13 | 23.74 | NOTE | |||
r-devel-osx-x86_64-clang | 0.3-13 | 27.99 | NOTE | |||
r-devel-windows-ix86+x86_64 | 0.3-13 | 3.00 | 20.00 | 23.00 | NOTE | |
r-patched-linux-x86_64 | 0.3-13 | 0.62 | 12.24 | 12.86 | NOTE | |
r-patched-solaris-sparc | 0.3-13 | 143.00 | NOTE | |||
r-patched-solaris-x86 | 0.3-13 | 37.20 | NOTE | |||
r-release-linux-ix86 | 0.3-13 | 0.94 | 18.04 | 18.99 | NOTE | |
r-release-linux-x86_64 | 0.3-13 | 0.60 | 12.19 | 12.79 | NOTE | |
r-release-osx-x86_64-mavericks | 0.3-13 | NOTE | ||||
r-release-windows-ix86+x86_64 | 0.3-13 | 4.00 | 28.00 | 32.00 | NOTE | |
r-oldrel-windows-ix86+x86_64 | 0.3-13 | 3.00 | 21.00 | 24.00 | NOTE |
Version: 0.3-13
Check: package dependencies
Result: NOTE
Package suggested but not available for checking: ‘rpvm’
Flavors: r-devel-linux-x86_64-debian-clang, r-devel-linux-x86_64-debian-gcc, r-devel-linux-x86_64-fedora-clang, r-devel-linux-x86_64-fedora-gcc, r-devel-osx-x86_64-clang, r-devel-windows-ix86+x86_64, r-patched-linux-x86_64, r-patched-solaris-sparc, r-patched-solaris-x86, r-release-linux-ix86, r-release-linux-x86_64, r-release-windows-ix86+x86_64, r-oldrel-windows-ix86+x86_64
Version: 0.3-13
Check: foreign function calls
Result: NOTE
Foreign function call to a different package:
.Call("r_init_sprng", ..., PACKAGE = "rsprng")
See the chapter ‘System and foreign language interfaces’ of the
‘Writing R Extensions’ manual.
Flavors: r-devel-linux-x86_64-debian-clang, r-devel-linux-x86_64-debian-gcc, r-devel-linux-x86_64-fedora-clang, r-devel-linux-x86_64-fedora-gcc, r-devel-osx-x86_64-clang, r-devel-windows-ix86+x86_64, r-patched-linux-x86_64, r-patched-solaris-sparc, r-patched-solaris-x86, r-release-linux-ix86, r-release-linux-x86_64, r-release-osx-x86_64-mavericks, r-release-windows-ix86+x86_64, r-oldrel-windows-ix86+x86_64
Version: 0.3-13
Check: R code for possible problems
Result: NOTE
Warning in initDefaultClusterOptions(libname) :
NAs introduced by coercion
clusterSetupRNGstream: no visible global function definition for
‘.lec.init’
clusterSetupRNGstream: no visible global function definition for
‘.lec.SetPackageSeed’
clusterSetupRNGstream: no visible global function definition for
‘.lec.CreateStream’
clusterSetupRNGstream: no visible binding for global variable
‘.lec.GetStateList’
initRNGstreamNode: no visible binding for global variable
‘.lec.Random.seed.table’
initRNGstreamNode: no visible binding for '<<-' assignment to
‘.lec.Random.seed.table’
initRNGstreamNode: no visible global function definition for
‘.lec.CurrentStream’
makeMPIcluster: no visible global function definition for
‘mpi.comm.size’
makeMPIcluster: no visible global function definition for
‘mpi.comm.spawn’
makeMPIcluster: no visible global function definition for
‘mpi.intercomm.merge’
makeMPIcluster: no visible global function definition for
‘mpi.comm.set.errhandler’
makeMPIcluster: no visible global function definition for
‘mpi.comm.disconnect’
makeNWScluster: no visible global function definition for ‘nwsServer’
makeNWScluster: no visible global function definition for ‘nwsMktempWs’
makeNWScluster: no visible global function definition for ‘nwsOpenWs’
makeNWSmaster: no visible global function definition for ‘netWorkSpace’
makePVMmaster: no visible global function definition for ‘.PVM.parent’
newPVMnode: no visible global function definition for ‘.PVM.spawn’
recvData.MPInode: no visible global function definition for
‘mpi.recv.Robj’
recvData.NWSnode: no visible global function definition for ‘nwsFetch’
recvData.PVMnode: no visible global function definition for ‘.PVM.recv’
recvData.PVMnode: no visible global function definition for
‘.PVM.unserialize’
recvOneData.MPIcluster: no visible global function definition for
‘mpi.any.tag’
recvOneData.MPIcluster: no visible global function definition for
‘mpi.probe’
recvOneData.MPIcluster: no visible global function definition for
‘mpi.any.source’
recvOneData.MPIcluster: no visible global function definition for
‘mpi.get.sourcetag’
recvOneData.MPIcluster: no visible global function definition for
‘mpi.recv.Robj’
recvOneData.NWScluster: no visible global function definition for
‘nwsFetch’
recvOneData.PVMcluster: no visible global function definition for
‘.PVM.bufinfo’
recvOneData.PVMcluster: no visible global function definition for
‘.PVM.recv’
recvOneData.PVMcluster: no visible global function definition for
‘.PVM.unserialize’
runMPIslave: no visible global function definition for
‘mpi.comm.get.parent’
runMPIslave: no visible global function definition for
‘mpi.intercomm.merge’
runMPIslave: no visible global function definition for
‘mpi.comm.set.errhandler’
runMPIslave: no visible global function definition for
‘mpi.comm.disconnect’
runMPIslave: no visible global function definition for ‘mpi.quit’
sendData.MPInode: no visible global function definition for
‘mpi.send.Robj’
sendData.NWSnode: no visible global function definition for ‘nwsStore’
sendData.PVMnode: no visible global function definition for
‘.PVM.initsend’
sendData.PVMnode: no visible global function definition for
‘.PVM.serialize’
sendData.PVMnode: no visible global function definition for ‘.PVM.send’
stopCluster.NWScluster: no visible global function definition for
‘nwsDeleteWs’
stopCluster.NWScluster: no visible global function definition for
‘nwsWsName’
stopCluster.spawnedMPIcluster: no visible global function definition
for ‘mpi.comm.disconnect’
Found the following assignments to the global environment:
File ‘snow/R/snow.R’:
assign(n, v, envir = .GlobalEnv)
assign(".lec.Random.seed.table", list(Cg = matrix(0, nrow = 0,
ncol = 6), Bg = matrix(0, nrow = 0, ncol = 6), Ig = matrix(0,
nrow = 0, ncol = 6), AIP = matrix(0, nrow = 0, ncol = 2),
name = c()), envir = .GlobalEnv)
Flavors: r-devel-linux-x86_64-debian-clang, r-devel-linux-x86_64-debian-gcc, r-devel-osx-x86_64-clang
Version: 0.3-13
Check: R code for possible problems
Result: NOTE
clusterSetupRNGstream: no visible global function definition for
‘.lec.init’
clusterSetupRNGstream: no visible global function definition for
‘.lec.SetPackageSeed’
clusterSetupRNGstream: no visible global function definition for
‘.lec.CreateStream’
clusterSetupRNGstream: no visible binding for global variable
‘.lec.GetStateList’
initRNGstreamNode: no visible binding for global variable
‘.lec.Random.seed.table’
initRNGstreamNode: no visible binding for '<<-' assignment to
‘.lec.Random.seed.table’
initRNGstreamNode: no visible global function definition for
‘.lec.CurrentStream’
makeMPIcluster: no visible global function definition for
‘mpi.comm.size’
makeMPIcluster: no visible global function definition for
‘mpi.comm.spawn’
makeMPIcluster: no visible global function definition for
‘mpi.intercomm.merge’
makeMPIcluster: no visible global function definition for
‘mpi.comm.set.errhandler’
makeMPIcluster: no visible global function definition for
‘mpi.comm.disconnect’
makeNWScluster: no visible global function definition for ‘nwsServer’
makeNWScluster: no visible global function definition for ‘nwsMktempWs’
makeNWScluster: no visible global function definition for ‘nwsOpenWs’
makeNWSmaster: no visible global function definition for ‘netWorkSpace’
makePVMmaster: no visible global function definition for ‘.PVM.parent’
newPVMnode: no visible global function definition for ‘.PVM.spawn’
recvData.MPInode: no visible global function definition for
‘mpi.recv.Robj’
recvData.NWSnode: no visible global function definition for ‘nwsFetch’
recvData.PVMnode: no visible global function definition for ‘.PVM.recv’
recvData.PVMnode: no visible global function definition for
‘.PVM.unserialize’
recvOneData.MPIcluster: no visible global function definition for
‘mpi.any.tag’
recvOneData.MPIcluster: no visible global function definition for
‘mpi.probe’
recvOneData.MPIcluster: no visible global function definition for
‘mpi.any.source’
recvOneData.MPIcluster: no visible global function definition for
‘mpi.get.sourcetag’
recvOneData.MPIcluster: no visible global function definition for
‘mpi.recv.Robj’
recvOneData.NWScluster: no visible global function definition for
‘nwsFetch’
recvOneData.PVMcluster: no visible global function definition for
‘.PVM.bufinfo’
recvOneData.PVMcluster: no visible global function definition for
‘.PVM.recv’
recvOneData.PVMcluster: no visible global function definition for
‘.PVM.unserialize’
runMPIslave: no visible global function definition for
‘mpi.comm.get.parent’
runMPIslave: no visible global function definition for
‘mpi.intercomm.merge’
runMPIslave: no visible global function definition for
‘mpi.comm.set.errhandler’
runMPIslave: no visible global function definition for
‘mpi.comm.disconnect’
runMPIslave: no visible global function definition for ‘mpi.quit’
sendData.MPInode: no visible global function definition for
‘mpi.send.Robj’
sendData.NWSnode: no visible global function definition for ‘nwsStore’
sendData.PVMnode: no visible global function definition for
‘.PVM.initsend’
sendData.PVMnode: no visible global function definition for
‘.PVM.serialize’
sendData.PVMnode: no visible global function definition for ‘.PVM.send’
stopCluster.NWScluster: no visible global function definition for
‘nwsDeleteWs’
stopCluster.NWScluster: no visible global function definition for
‘nwsWsName’
stopCluster.spawnedMPIcluster: no visible global function definition
for ‘mpi.comm.disconnect’
Found the following assignments to the global environment:
File ‘snow/R/snow.R’:
assign(n, v, envir = .GlobalEnv)
assign(".lec.Random.seed.table", list(Cg = matrix(0, nrow = 0,
ncol = 6), Bg = matrix(0, nrow = 0, ncol = 6), Ig = matrix(0,
nrow = 0, ncol = 6), AIP = matrix(0, nrow = 0, ncol = 2),
name = c()), envir = .GlobalEnv)
Flavor: r-devel-linux-x86_64-fedora-clang
Version: 0.3-13
Check: R code for possible problems
Result: NOTE
clusterSetupRNGstream: no visible global function definition for
‘.lec.init’
clusterSetupRNGstream: no visible global function definition for
‘.lec.SetPackageSeed’
clusterSetupRNGstream: no visible global function definition for
‘.lec.CreateStream’
clusterSetupRNGstream: no visible binding for global variable
‘.lec.GetStateList’
initRNGstreamNode: no visible binding for global variable
‘.lec.Random.seed.table’
initRNGstreamNode: no visible binding for '<<-' assignment to
‘.lec.Random.seed.table’
initRNGstreamNode: no visible global function definition for
‘.lec.CurrentStream’
makeMPIcluster: no visible global function definition for
‘mpi.comm.size’
makeMPIcluster: no visible global function definition for
‘mpi.comm.spawn’
makeMPIcluster: no visible global function definition for
‘mpi.intercomm.merge’
makeMPIcluster: no visible global function definition for
‘mpi.comm.set.errhandler’
makeMPIcluster: no visible global function definition for
‘mpi.comm.disconnect’
makeNWScluster: no visible global function definition for ‘nwsServer’
makeNWScluster: no visible global function definition for ‘nwsMktempWs’
makeNWScluster: no visible global function definition for ‘nwsOpenWs’
makeNWSmaster: no visible global function definition for ‘netWorkSpace’
makePVMmaster: no visible global function definition for ‘.PVM.parent’
newPVMnode: no visible global function definition for ‘.PVM.spawn’
recvData.MPInode: no visible global function definition for
‘mpi.recv.Robj’
recvData.NWSnode: no visible global function definition for ‘nwsFetch’
recvData.PVMnode: no visible global function definition for ‘.PVM.recv’
recvData.PVMnode: no visible global function definition for
‘.PVM.unserialize’
recvOneData.MPIcluster: no visible global function definition for
‘mpi.any.tag’
recvOneData.MPIcluster: no visible global function definition for
‘mpi.probe’
recvOneData.MPIcluster: no visible global function definition for
‘mpi.any.source’
recvOneData.MPIcluster: no visible global function definition for
‘mpi.get.sourcetag’
recvOneData.MPIcluster: no visible global function definition for
‘mpi.recv.Robj’
recvOneData.NWScluster: no visible global function definition for
‘nwsFetch’
recvOneData.PVMcluster: no visible global function definition for
‘.PVM.bufinfo’
recvOneData.PVMcluster: no visible global function definition for
‘.PVM.recv’
recvOneData.PVMcluster: no visible global function definition for
‘.PVM.unserialize’
runMPIslave: no visible global function definition for
‘mpi.comm.get.parent’
runMPIslave: no visible global function definition for
‘mpi.intercomm.merge’
runMPIslave: no visible global function definition for
‘mpi.comm.set.errhandler’
runMPIslave: no visible global function definition for
‘mpi.comm.disconnect’
runMPIslave: no visible global function definition for ‘mpi.quit’
sendData.MPInode: no visible global function definition for
‘mpi.send.Robj’
sendData.NWSnode: no visible global function definition for ‘nwsStore’
sendData.PVMnode: no visible global function definition for
‘.PVM.initsend’
sendData.PVMnode: no visible global function definition for
‘.PVM.serialize’
sendData.PVMnode: no visible global function definition for ‘.PVM.send’
stopCluster.NWScluster: no visible global function definition for
‘nwsDeleteWs’
stopCluster.NWScluster: no visible global function definition for
‘nwsWsName’
stopCluster.spawnedMPIcluster: no visible global function definition
for ‘mpi.comm.disconnect’
Flavor: r-devel-linux-x86_64-fedora-gcc
Version: 0.3-13
Check: R code for possible problems
Result: NOTE
Warning in initDefaultClusterOptions(libname) :
NAs introduced by coercion
clusterSetupRNGstream: no visible global function definition for
'.lec.init'
clusterSetupRNGstream: no visible global function definition for
'.lec.SetPackageSeed'
clusterSetupRNGstream: no visible global function definition for
'.lec.CreateStream'
clusterSetupRNGstream: no visible binding for global variable
'.lec.GetStateList'
initRNGstreamNode: no visible binding for global variable
'.lec.Random.seed.table'
initRNGstreamNode: no visible binding for '<<-' assignment to
'.lec.Random.seed.table'
initRNGstreamNode: no visible global function definition for
'.lec.CurrentStream'
makeMPIcluster: no visible global function definition for
'mpi.comm.size'
makeMPIcluster: no visible global function definition for
'mpi.comm.spawn'
makeMPIcluster: no visible global function definition for
'mpi.intercomm.merge'
makeMPIcluster: no visible global function definition for
'mpi.comm.set.errhandler'
makeMPIcluster: no visible global function definition for
'mpi.comm.disconnect'
makeNWScluster: no visible global function definition for 'nwsServer'
makeNWScluster: no visible global function definition for 'nwsMktempWs'
makeNWScluster: no visible global function definition for 'nwsOpenWs'
makeNWSmaster: no visible global function definition for 'netWorkSpace'
makePVMmaster: no visible global function definition for '.PVM.parent'
newPVMnode: no visible global function definition for '.PVM.spawn'
recvData.MPInode: no visible global function definition for
'mpi.recv.Robj'
recvData.NWSnode: no visible global function definition for 'nwsFetch'
recvData.PVMnode: no visible global function definition for '.PVM.recv'
recvData.PVMnode: no visible global function definition for
'.PVM.unserialize'
recvOneData.MPIcluster: no visible global function definition for
'mpi.any.tag'
recvOneData.MPIcluster: no visible global function definition for
'mpi.probe'
recvOneData.MPIcluster: no visible global function definition for
'mpi.any.source'
recvOneData.MPIcluster: no visible global function definition for
'mpi.get.sourcetag'
recvOneData.MPIcluster: no visible global function definition for
'mpi.recv.Robj'
recvOneData.NWScluster: no visible global function definition for
'nwsFetch'
recvOneData.PVMcluster: no visible global function definition for
'.PVM.bufinfo'
recvOneData.PVMcluster: no visible global function definition for
'.PVM.recv'
recvOneData.PVMcluster: no visible global function definition for
'.PVM.unserialize'
runMPIslave: no visible global function definition for
'mpi.comm.get.parent'
runMPIslave: no visible global function definition for
'mpi.intercomm.merge'
runMPIslave: no visible global function definition for
'mpi.comm.set.errhandler'
runMPIslave: no visible global function definition for
'mpi.comm.disconnect'
runMPIslave: no visible global function definition for 'mpi.quit'
sendData.MPInode: no visible global function definition for
'mpi.send.Robj'
sendData.NWSnode: no visible global function definition for 'nwsStore'
sendData.PVMnode: no visible global function definition for
'.PVM.initsend'
sendData.PVMnode: no visible global function definition for
'.PVM.serialize'
sendData.PVMnode: no visible global function definition for '.PVM.send'
stopCluster.NWScluster: no visible global function definition for
'nwsDeleteWs'
stopCluster.NWScluster: no visible global function definition for
'nwsWsName'
stopCluster.spawnedMPIcluster: no visible global function definition
for 'mpi.comm.disconnect'
Flavor: r-devel-windows-ix86+x86_64
Version: 0.3-13
Check: R code for possible problems
Result: NOTE
makePVMmaster: no visible global function definition for ‘.PVM.parent’
newPVMnode: no visible global function definition for ‘.PVM.spawn’
recvData.PVMnode: no visible global function definition for ‘.PVM.recv’
recvData.PVMnode: no visible global function definition for
‘.PVM.unserialize’
recvOneData.PVMcluster: no visible global function definition for
‘.PVM.bufinfo’
recvOneData.PVMcluster: no visible global function definition for
‘.PVM.recv’
recvOneData.PVMcluster: no visible global function definition for
‘.PVM.unserialize’
sendData.PVMnode: no visible global function definition for
‘.PVM.initsend’
sendData.PVMnode: no visible global function definition for
‘.PVM.serialize’
sendData.PVMnode: no visible global function definition for ‘.PVM.send’
Found the following assignments to the global environment:
File ‘snow/R/snow.R’:
assign(n, v, envir = .GlobalEnv)
assign(".lec.Random.seed.table", list(Cg = matrix(0, nrow = 0,
ncol = 6), Bg = matrix(0, nrow = 0, ncol = 6), Ig = matrix(0,
nrow = 0, ncol = 6), AIP = matrix(0, nrow = 0, ncol = 2),
name = c()), envir = .GlobalEnv)
Flavors: r-patched-linux-x86_64, r-release-linux-ix86, r-release-linux-x86_64
Version: 0.3-13
Check: R code for possible problems
Result: NOTE
makePVMmaster: no visible global function definition for ‘.PVM.parent’
newPVMnode: no visible global function definition for ‘.PVM.spawn’
recvData.PVMnode: no visible global function definition for ‘.PVM.recv’
recvData.PVMnode: no visible global function definition for
‘.PVM.unserialize’
recvOneData.PVMcluster: no visible global function definition for
‘.PVM.bufinfo’
recvOneData.PVMcluster: no visible global function definition for
‘.PVM.recv’
recvOneData.PVMcluster: no visible global function definition for
‘.PVM.unserialize’
sendData.PVMnode: no visible global function definition for
‘.PVM.initsend’
sendData.PVMnode: no visible global function definition for
‘.PVM.serialize’
sendData.PVMnode: no visible global function definition for ‘.PVM.send’
Flavors: r-patched-solaris-sparc, r-patched-solaris-x86, r-release-windows-ix86+x86_64, r-oldrel-windows-ix86+x86_64
Version: 0.3-13
Check: package dependencies
Result: NOTE
Packages suggested but not available for checking: ‘Rmpi’ ‘rpvm’ ‘rsprng’
Flavor: r-release-osx-x86_64-mavericks
Version: 0.3-13
Check: R code for possible problems
Result: NOTE
makeMPIcluster: no visible global function definition for
‘mpi.comm.size’
makeMPIcluster: no visible global function definition for
‘mpi.comm.spawn’
makeMPIcluster: no visible global function definition for
‘mpi.intercomm.merge’
makeMPIcluster: no visible global function definition for
‘mpi.comm.set.errhandler’
makeMPIcluster: no visible global function definition for
‘mpi.comm.disconnect’
makePVMmaster: no visible global function definition for ‘.PVM.parent’
newPVMnode: no visible global function definition for ‘.PVM.spawn’
recvData.MPInode: no visible global function definition for
‘mpi.recv.Robj’
recvData.PVMnode: no visible global function definition for ‘.PVM.recv’
recvData.PVMnode: no visible global function definition for
‘.PVM.unserialize’
recvOneData.MPIcluster: no visible global function definition for
‘mpi.any.tag’
recvOneData.MPIcluster: no visible global function definition for
‘mpi.probe’
recvOneData.MPIcluster: no visible global function definition for
‘mpi.any.source’
recvOneData.MPIcluster: no visible global function definition for
‘mpi.get.sourcetag’
recvOneData.MPIcluster: no visible global function definition for
‘mpi.recv.Robj’
recvOneData.PVMcluster: no visible global function definition for
‘.PVM.bufinfo’
recvOneData.PVMcluster: no visible global function definition for
‘.PVM.recv’
recvOneData.PVMcluster: no visible global function definition for
‘.PVM.unserialize’
runMPIslave: no visible global function definition for
‘mpi.comm.get.parent’
runMPIslave: no visible global function definition for
‘mpi.intercomm.merge’
runMPIslave: no visible global function definition for
‘mpi.comm.set.errhandler’
runMPIslave: no visible global function definition for
‘mpi.comm.disconnect’
runMPIslave: no visible global function definition for ‘mpi.quit’
sendData.MPInode: no visible global function definition for
‘mpi.send.Robj’
sendData.PVMnode: no visible global function definition for
‘.PVM.initsend’
sendData.PVMnode: no visible global function definition for
‘.PVM.serialize’
sendData.PVMnode: no visible global function definition for ‘.PVM.send’
stopCluster.spawnedMPIcluster: no visible global function definition
for ‘mpi.comm.disconnect’
Flavor: r-release-osx-x86_64-mavericks