Last updated on 2014-10-02 01:48:28.
Flavor | Version | Tinstall | Tcheck | Ttotal | Status | Flags |
---|---|---|---|---|---|---|
r-devel-linux-x86_64-debian-clang | 0.0.2 | 0.75 | 15.44 | 16.19 | NOTE | |
r-devel-linux-x86_64-debian-gcc | 0.0.2 | 0.74 | 14.92 | 15.66 | NOTE | |
r-devel-linux-x86_64-fedora-clang | 0.0.2 | 31.35 | NOTE | |||
r-devel-linux-x86_64-fedora-gcc | 0.0.2 | 30.67 | NOTE | |||
r-devel-osx-x86_64-clang | 0.0.2 | 33.91 | NOTE | |||
r-devel-windows-ix86+x86_64 | 0.0.2 | 4.00 | 26.00 | 30.00 | NOTE | |
r-patched-linux-x86_64 | 0.0.2 | 0.86 | 15.35 | 16.22 | NOTE | |
r-patched-solaris-sparc | 0.0.2 | 183.80 | NOTE | |||
r-patched-solaris-x86 | 0.0.2 | 45.60 | NOTE | |||
r-release-linux-ix86 | 0.0.2 | 1.09 | 21.44 | 22.53 | NOTE | |
r-release-linux-x86_64 | 0.0.2 | 0.77 | 15.62 | 16.40 | NOTE | |
r-release-osx-x86_64-mavericks | 0.0.2 | NOTE | ||||
r-release-osx-x86_64-snowleopard | 0.0.2 | NOTE | ||||
r-release-windows-ix86+x86_64 | 0.0.2 | 3.00 | 28.00 | 31.00 | NOTE | |
r-oldrel-windows-ix86+x86_64 | 0.0.2 | 3.00 | 27.00 | 30.00 | NOTE |
Version: 0.0.2
Check: DESCRIPTION meta-information
Result: NOTE
Deprecated license: BSD
Flavors: r-devel-linux-x86_64-debian-clang, r-devel-linux-x86_64-debian-gcc, r-devel-linux-x86_64-fedora-clang, r-devel-linux-x86_64-fedora-gcc, r-devel-osx-x86_64-clang, r-patched-linux-x86_64, r-patched-solaris-sparc, r-patched-solaris-x86, r-release-linux-ix86, r-release-linux-x86_64, r-release-osx-x86_64-mavericks, r-release-osx-x86_64-snowleopard
Version: 0.0.2
Check: dependencies in R code
Result: NOTE
'library' or 'require' call to ‘proxy’ which was already attached by Depends.
Please remove these calls from your code.
Packages in Depends field not imported from:
‘proxy’ ‘tm’
These packages need to be imported from (in the NAMESPACE file)
for when this namespace is loaded but not attached.
See the information on DESCRIPTION files in the chapter ‘Creating R
packages’ of the ‘Writing R Extensions’ manual.
Flavors: r-devel-linux-x86_64-debian-clang, r-devel-linux-x86_64-debian-gcc, r-devel-linux-x86_64-fedora-clang, r-devel-linux-x86_64-fedora-gcc, r-devel-osx-x86_64-clang, r-devel-windows-ix86+x86_64, r-patched-linux-x86_64, r-patched-solaris-sparc, r-patched-solaris-x86, r-release-linux-ix86, r-release-linux-x86_64, r-release-osx-x86_64-mavericks, r-release-windows-ix86+x86_64, r-oldrel-windows-ix86+x86_64
Version: 0.0.2
Check: R code for possible problems
Result: NOTE
simDic: no visible global function definition for ‘simil’
simDoc: no visible global function definition for ‘simil’
Flavors: r-devel-linux-x86_64-debian-clang, r-devel-linux-x86_64-debian-gcc, r-devel-linux-x86_64-fedora-clang, r-devel-linux-x86_64-fedora-gcc, r-devel-osx-x86_64-clang, r-devel-windows-ix86+x86_64
Version: 0.0.2
Check: Rd line widths
Result: NOTE
Rd file 'simDic.Rd':
\usage lines wider than 90 characters:
simDic(docMatrix1, docMatrix2, scoreDict, breaks = seq(-1, 1, length = 11), norm = FALSE, method = "cosine", scoreFunc = mean)
These lines will be truncated in the PDF manual.
Flavors: r-devel-linux-x86_64-debian-clang, r-devel-linux-x86_64-debian-gcc, r-devel-linux-x86_64-fedora-clang, r-devel-linux-x86_64-fedora-gcc, r-patched-linux-x86_64, r-release-linux-x86_64
Version: 0.0.2
Check: dependencies in R code
Result: NOTE
'library' or 'require' call to 'proxy' which was already attached by Depends.
Please remove these calls from your code.
See the information on DESCRIPTION files in the chapter 'Creating R
packages' of the 'Writing R Extensions' manual.
Flavor: r-release-osx-x86_64-snowleopard