Last updated on 2014-10-02 01:48:28.
Flavor | Version | Tinstall | Tcheck | Ttotal | Status | Flags |
---|---|---|---|---|---|---|
r-devel-linux-x86_64-debian-clang | 1.1 | 0.71 | 10.18 | 10.89 | ERROR | |
r-devel-linux-x86_64-debian-gcc | 1.1 | 0.59 | 9.90 | 10.49 | ERROR | |
r-devel-linux-x86_64-fedora-clang | 1.1 | 21.48 | ERROR | |||
r-devel-linux-x86_64-fedora-gcc | 1.1 | 19.64 | ERROR | |||
r-devel-osx-x86_64-clang | 1.1 | 18.16 | ERROR | |||
r-devel-windows-ix86+x86_64 | 1.1 | 2.00 | 20.00 | 22.00 | NOTE | |
r-patched-linux-x86_64 | 1.1 | 0.68 | 11.21 | 11.89 | ERROR | |
r-patched-solaris-sparc | 1.1 | 117.40 | ERROR | |||
r-patched-solaris-x86 | 1.1 | 32.90 | ERROR | |||
r-release-linux-ix86 | 1.1 | 0.89 | 15.68 | 16.57 | ERROR | |
r-release-linux-x86_64 | 1.1 | 0.58 | 11.37 | 11.95 | ERROR | |
r-release-osx-x86_64-mavericks | 1.1 | OK | ||||
r-release-windows-ix86+x86_64 | 1.1 | 2.00 | 26.00 | 28.00 | OK | |
r-oldrel-windows-ix86+x86_64 | 1.1 | 2.00 | 26.00 | 28.00 | OK |
Version: 1.1
Check: package dependencies
Result: NOTE
Package suggested but not available for checking: ‘mfp’
Flavors: r-devel-linux-x86_64-debian-clang, r-devel-linux-x86_64-debian-gcc, r-devel-linux-x86_64-fedora-clang, r-devel-linux-x86_64-fedora-gcc, r-devel-osx-x86_64-clang, r-patched-linux-x86_64, r-patched-solaris-sparc, r-patched-solaris-x86, r-release-linux-ix86, r-release-linux-x86_64
Version: 1.1
Check: R code for possible problems
Result: NOTE
shrink: no visible global function definition for ‘coxph’
Flavors: r-devel-linux-x86_64-debian-clang, r-devel-linux-x86_64-debian-gcc, r-devel-linux-x86_64-fedora-clang, r-devel-linux-x86_64-fedora-gcc, r-devel-osx-x86_64-clang, r-devel-windows-ix86+x86_64
Version: 1.1
Check: examples
Result: ERROR
Running examples in ‘shrink-Ex.R’ failed
The error most likely occurred in:
> ### Name: predict.shrink
> ### Title: Predict Method for Objects of Class 'shrink'
> ### Aliases: predict.shrink
> ### Keywords: utilities
>
> ### ** Examples
>
> library("mfp")
Error in library("mfp") : there is no package called ‘mfp’
Execution halted
Flavors: r-devel-linux-x86_64-debian-clang, r-devel-linux-x86_64-debian-gcc, r-devel-linux-x86_64-fedora-clang, r-devel-linux-x86_64-fedora-gcc, r-devel-osx-x86_64-clang, r-patched-linux-x86_64, r-patched-solaris-sparc, r-patched-solaris-x86, r-release-linux-ix86, r-release-linux-x86_64