Last updated on 2014-10-02 01:48:28.
Flavor | Version | Tinstall | Tcheck | Ttotal | Status | Flags |
---|---|---|---|---|---|---|
r-devel-linux-x86_64-debian-clang | 0-2 | 1.68 | 23.46 | 25.14 | NOTE | |
r-devel-linux-x86_64-debian-gcc | 0-2 | 1.74 | 23.20 | 24.94 | NOTE | |
r-devel-linux-x86_64-fedora-clang | 0-2 | 54.38 | NOTE | |||
r-devel-linux-x86_64-fedora-gcc | 0-2 | 51.10 | NOTE | |||
r-devel-osx-x86_64-clang | 0-2 | 47.22 | NOTE | |||
r-devel-windows-ix86+x86_64 | 0-2 | 10.00 | 53.00 | 63.00 | NOTE | |
r-patched-linux-x86_64 | 0-2 | 1.76 | 25.21 | 26.98 | OK | |
r-patched-solaris-sparc | 0-2 | 312.80 | OK | |||
r-patched-solaris-x86 | 0-2 | 81.80 | OK | |||
r-release-linux-ix86 | 0-2 | 2.35 | 32.30 | 34.64 | OK | |
r-release-linux-x86_64 | 0-2 | 1.89 | 25.75 | 27.64 | OK | |
r-release-osx-x86_64-mavericks | 0-2 | OK | ||||
r-release-osx-x86_64-snowleopard | 0-2 | OK | ||||
r-release-windows-ix86+x86_64 | 0-2 | 9.00 | 53.00 | 62.00 | OK | |
r-oldrel-windows-ix86+x86_64 | 0-2 | 10.00 | 55.00 | 65.00 | OK |
Version: 0-2
Check: R code for possible problems
Result: NOTE
footpoint.nodes: no visible global function definition for
‘coordinates’
nt.connect: no visible global function definition for ‘bbox’
nt.connect: no visible global function definition for
‘as.SpatialLines.SLDF’
nt.connect: no visible global function definition for
‘SpatialLinesDataFrame’
ptsinnt.view: no visible global function definition for ‘bbox’
readshpnw: no visible global function definition for ‘coordinates’
Flavors: r-devel-linux-x86_64-debian-clang, r-devel-linux-x86_64-debian-gcc, r-devel-linux-x86_64-fedora-clang, r-devel-linux-x86_64-fedora-gcc, r-devel-osx-x86_64-clang, r-devel-windows-ix86+x86_64