Last updated on 2014-10-02 01:48:27.
Flavor | Version | Tinstall | Tcheck | Ttotal | Status | Flags |
---|---|---|---|---|---|---|
r-devel-linux-x86_64-debian-clang | 3.1-5 | 7.78 | 35.10 | 42.88 | NOTE | |
r-devel-linux-x86_64-debian-gcc | 3.1-5 | 8.98 | 36.01 | 44.98 | NOTE | |
r-devel-linux-x86_64-fedora-clang | 3.1-5 | 84.03 | NOTE | |||
r-devel-linux-x86_64-fedora-gcc | 3.1-5 | 79.64 | NOTE | |||
r-devel-osx-x86_64-clang | 3.1-5 | 69.57 | NOTE | |||
r-devel-windows-ix86+x86_64 | 3.1-5 | 21.00 | 64.00 | 85.00 | NOTE | |
r-patched-linux-x86_64 | 3.1-5 | 9.89 | 39.50 | 49.39 | OK | |
r-patched-solaris-sparc | 3.1-5 | 489.40 | OK | |||
r-patched-solaris-x86 | 3.1-5 | 123.90 | OK | |||
r-release-linux-ix86 | 3.1-5 | 11.21 | 49.82 | 61.03 | OK | |
r-release-linux-x86_64 | 3.1-5 | 10.19 | 38.59 | 48.78 | OK | |
r-release-osx-x86_64-mavericks | 3.1-5 | OK | ||||
r-release-osx-x86_64-snowleopard | 3.1-5 | OK | ||||
r-release-windows-ix86+x86_64 | 3.1-5 | 23.00 | 73.00 | 96.00 | OK | |
r-oldrel-windows-ix86+x86_64 | 3.1-5 | 25.00 | 70.00 | 95.00 | OK |
Version: 3.1-5
Check: R code for possible problems
Result: NOTE
bootSem.msem: no visible global function definition for ‘tkProgressBar’
bootSem.msem: no visible global function definition for
‘setTkProgressBar’
bootSem.sem: no visible global function definition for ‘tkProgressBar’
bootSem.sem: no visible global function definition for
‘setTkProgressBar’
miSem.semmod: no visible global function definition for ‘tkProgressBar’
miSem.semmod: no visible global function definition for
‘setTkProgressBar’
miSem.semmod: no visible global function definition for ‘mi.data.frame’
miSem.semmodList: no visible global function definition for
‘tkProgressBar’
miSem.semmodList: no visible global function definition for
‘setTkProgressBar’
miSem.semmodList: no visible global function definition for
‘mi.data.frame’
print.miSem: no visible global function definition for ‘mi.pooled’
robustVcov: no visible global function definition for ‘ginv’
sbchisq: no visible global function definition for ‘ginv’
summary.bootsem: no visible global function definition for ‘boot.ci’
Flavors: r-devel-linux-x86_64-debian-clang, r-devel-linux-x86_64-debian-gcc, r-devel-linux-x86_64-fedora-clang, r-devel-linux-x86_64-fedora-gcc, r-devel-osx-x86_64-clang, r-devel-windows-ix86+x86_64