Last updated on 2014-10-02 01:48:27.
Flavor | Version | Tinstall | Tcheck | Ttotal | Status | Flags |
---|---|---|---|---|---|---|
r-devel-linux-x86_64-debian-clang | 0.60.0 | 0.82 | 15.29 | 16.11 | NOTE | |
r-devel-linux-x86_64-debian-gcc | 0.60.0 | 0.80 | 15.39 | 16.19 | NOTE | |
r-devel-linux-x86_64-fedora-clang | 0.60.0 | 31.61 | NOTE | |||
r-devel-linux-x86_64-fedora-gcc | 0.60.0 | 29.62 | NOTE | |||
r-devel-osx-x86_64-clang | 0.60.0 | 34.42 | NOTE | |||
r-devel-windows-ix86+x86_64 | 0.60.0 | 3.00 | 27.00 | 30.00 | NOTE | |
r-patched-linux-x86_64 | 0.60.0 | 0.93 | 15.46 | 16.39 | NOTE | |
r-patched-solaris-sparc | 0.60.0 | 187.40 | NOTE | |||
r-patched-solaris-x86 | 0.60.0 | 42.40 | NOTE | |||
r-release-linux-ix86 | 0.60.0 | 1.21 | 21.96 | 23.17 | NOTE | |
r-release-linux-x86_64 | 0.60.0 | 0.91 | 15.22 | 16.14 | NOTE | |
r-release-osx-x86_64-mavericks | 0.60.0 | NOTE | ||||
r-release-osx-x86_64-snowleopard | 0.60.0 | NOTE | ||||
r-release-windows-ix86+x86_64 | 0.60.0 | 4.00 | 33.00 | 37.00 | NOTE | |
r-oldrel-windows-ix86+x86_64 | 0.60.0 | 3.00 | 34.00 | 37.00 | NOTE |
Version: 0.60.0
Check: package dependencies
Result: NOTE
Package which this enhances but not available for checking: ‘manipulate’
Flavors: r-devel-linux-x86_64-debian-clang, r-devel-linux-x86_64-debian-gcc, r-devel-linux-x86_64-fedora-clang, r-devel-linux-x86_64-fedora-gcc, r-devel-osx-x86_64-clang, r-devel-windows-ix86+x86_64, r-patched-linux-x86_64, r-patched-solaris-sparc, r-patched-solaris-x86, r-release-linux-ix86, r-release-linux-x86_64, r-release-osx-x86_64-mavericks, r-release-osx-x86_64-snowleopard, r-release-windows-ix86+x86_64, r-oldrel-windows-ix86+x86_64
Version: 0.60.0
Check: re-building of vignette outputs
Result: NOTE
Error in re-building vignettes:
...
Error in texi2dvi(file = file, pdf = TRUE, clean = clean, quiet = quiet, :
Running 'texi2dvi' on 'seas.tex' failed.
LaTeX errors:
! LaTeX Error: File `fullpage.sty' not found.
Type X to quit or <RETURN> to proceed,
or enter new name. (Default extension: sty)
n_test/seasonal/vignettes/seas.tex:10: ==> Fatal error occurred, no output PDF
file produced!
Calls: buildVignettes -> texi2pdf -> texi2dvi
Execution halted
Flavor: r-release-osx-x86_64-mavericks