CRAN Package Check Results for Package seacarb

Last updated on 2014-10-02 01:48:27.

Flavor Version Tinstall Tcheck Ttotal Status Flags
r-devel-linux-x86_64-debian-clang 3.0 1.24 29.26 30.50 NOTE
r-devel-linux-x86_64-debian-gcc 3.0 1.19 28.97 30.16 NOTE
r-devel-linux-x86_64-fedora-clang 3.0 59.16 NOTE
r-devel-linux-x86_64-fedora-gcc 3.0 54.52 NOTE
r-devel-osx-x86_64-clang 3.0 53.52 NOTE
r-devel-windows-ix86+x86_64 3.0 4.00 39.00 43.00 NOTE
r-patched-linux-x86_64 3.0 1.32 31.12 32.43 OK
r-patched-solaris-sparc 3.0 366.90 OK
r-patched-solaris-x86 3.0 71.90 OK
r-release-linux-ix86 3.0 1.65 38.72 40.37 OK
r-release-linux-x86_64 3.0 1.32 30.10 31.42 OK
r-release-osx-x86_64-mavericks 3.0 OK
r-release-osx-x86_64-snowleopard 3.0 OK
r-release-windows-ix86+x86_64 3.0 5.00 57.00 62.00 OK
r-oldrel-windows-ix86+x86_64 3.0 4.00 46.00 50.00 OK

Check Details

Version: 3.0
Check: R code for possible problems
Result: NOTE
    Pcorrect: no visible binding for global variable ‘Pcoeffs’
Flavors: r-devel-linux-x86_64-debian-clang, r-devel-linux-x86_64-debian-gcc, r-devel-linux-x86_64-fedora-clang, r-devel-linux-x86_64-fedora-gcc, r-devel-osx-x86_64-clang, r-devel-windows-ix86+x86_64