Last updated on 2014-10-02 01:48:27.
Flavor | Version | Tinstall | Tcheck | Ttotal | Status | Flags |
---|---|---|---|---|---|---|
r-devel-linux-x86_64-debian-clang | 0.1-8 | 0.56 | 8.55 | 9.12 | NOTE | |
r-devel-linux-x86_64-debian-gcc | 0.1-8 | 0.51 | 9.08 | 9.58 | NOTE | |
r-devel-linux-x86_64-fedora-clang | 0.1-8 | 18.35 | NOTE | |||
r-devel-linux-x86_64-fedora-gcc | 0.1-8 | 16.88 | NOTE | |||
r-devel-osx-x86_64-clang | 0.1-8 | 20.69 | OK | |||
r-devel-windows-ix86+x86_64 | 0.1-8 | 2.00 | 13.00 | 15.00 | OK | |
r-patched-linux-x86_64 | 0.1-8 | 0.54 | 8.74 | 9.28 | NOTE | |
r-patched-solaris-sparc | 0.1-8 | 110.00 | OK | |||
r-patched-solaris-x86 | 0.1-8 | 27.90 | OK | |||
r-release-linux-ix86 | 0.1-8 | 0.76 | 15.40 | 16.16 | OK | |
r-release-linux-x86_64 | 0.1-8 | 0.48 | 8.54 | 9.02 | NOTE | |
r-release-osx-x86_64-mavericks | 0.1-8 | OK | ||||
r-release-windows-ix86+x86_64 | 0.1-8 | 3.00 | 19.00 | 22.00 | OK | |
r-oldrel-windows-ix86+x86_64 | 0.1-8 | 2.00 | 16.00 | 18.00 | OK |
Version: 0.1-8
Check: Rd line widths
Result: NOTE
Rd file 'n.ttest.Rd':
\usage lines wider than 90 characters:
n.ttest(power = 0.8, alpha = 0.05, mean.diff = 0.8, sd1 = 0.83, sd2 = 2.65, k = 1, design = "unpaired", fraction = "balanced", variance ... [TRUNCATED]
Rd file 'n.wilcox.ord.Rd':
\examples lines wider than 100 characters:
## Zhao YD, Rahardja D, Qu Yongming. Sample size calculation for the Wilcoxon-Mann-Whitney test adjsuting for ties. Statistics in Medic ... [TRUNCATED]
These lines will be truncated in the PDF manual.
Flavors: r-devel-linux-x86_64-debian-clang, r-devel-linux-x86_64-debian-gcc, r-devel-linux-x86_64-fedora-clang, r-devel-linux-x86_64-fedora-gcc, r-patched-linux-x86_64, r-release-linux-x86_64