Last updated on 2014-10-02 01:48:27.
Flavor | Version | Tinstall | Tcheck | Ttotal | Status | Flags |
---|---|---|---|---|---|---|
r-devel-linux-x86_64-debian-clang | 0.3 | 1.08 | 12.29 | 13.36 | NOTE | |
r-devel-linux-x86_64-debian-gcc | 0.3 | 0.91 | 12.19 | 13.10 | NOTE | |
r-devel-linux-x86_64-fedora-clang | 0.3 | 26.01 | NOTE | |||
r-devel-linux-x86_64-fedora-gcc | 0.3 | 23.71 | NOTE | |||
r-devel-osx-x86_64-clang | 0.3 | 26.86 | NOTE | |||
r-devel-windows-ix86+x86_64 | 0.3 | 4.00 | 24.00 | 28.00 | NOTE | |
r-patched-linux-x86_64 | 0.3 | 0.84 | 12.28 | 13.12 | NOTE | |
r-patched-solaris-sparc | 0.3 | 144.20 | NOTE | |||
r-patched-solaris-x86 | 0.3 | 38.10 | NOTE | |||
r-release-linux-ix86 | 0.3 | 1.19 | 18.58 | 19.77 | NOTE | |
r-release-linux-x86_64 | 0.3 | 0.86 | 12.47 | 13.33 | NOTE | |
r-release-osx-x86_64-mavericks | 0.3 | NOTE | ||||
r-release-osx-x86_64-snowleopard | 0.3 | WARN | ||||
r-release-windows-ix86+x86_64 | 0.3 | 3.00 | 25.00 | 28.00 | NOTE | |
r-oldrel-windows-ix86+x86_64 | 0.3 | 4.00 | 26.00 | 30.00 | NOTE |
Version: 0.3
Check: dependencies in R code
Result: NOTE
Packages in Depends field not imported from:
‘car’ ‘stringr’
These packages need to be imported from (in the NAMESPACE file)
for when this namespace is loaded but not attached.
See the information on DESCRIPTION files in the chapter ‘Creating R
packages’ of the ‘Writing R Extensions’ manual.
Flavors: r-devel-linux-x86_64-debian-clang, r-devel-linux-x86_64-debian-gcc, r-devel-linux-x86_64-fedora-clang, r-devel-linux-x86_64-fedora-gcc, r-devel-osx-x86_64-clang, r-devel-windows-ix86+x86_64, r-patched-linux-x86_64, r-patched-solaris-sparc, r-patched-solaris-x86, r-release-linux-ix86, r-release-linux-x86_64, r-release-osx-x86_64-mavericks, r-release-windows-ix86+x86_64, r-oldrel-windows-ix86+x86_64
Version: 0.3
Check: R code for possible problems
Result: NOTE
collapse_vars: no visible global function definition for ‘recode’
intervals: no visible global function definition for ‘str_trim’
intervals: no visible global function definition for ‘str_split’
intervals: no visible global function definition for ‘str_replace_all’
intervals: no visible global function definition for ‘str_detect’
intervals: no visible global function definition for ‘str_replace’
Flavors: r-devel-linux-x86_64-debian-clang, r-devel-linux-x86_64-debian-gcc, r-devel-linux-x86_64-fedora-clang, r-devel-linux-x86_64-fedora-gcc, r-devel-osx-x86_64-clang, r-devel-windows-ix86+x86_64
Version: 0.3
Check: examples
Result: WARN
checking a package with encoding 'UTF-8' in an ASCII locale
OK
Flavor: r-release-osx-x86_64-snowleopard