Last updated on 2014-10-02 01:48:27.
Flavor | Version | Tinstall | Tcheck | Ttotal | Status | Flags |
---|---|---|---|---|---|---|
r-devel-linux-x86_64-debian-clang | 1.01 | 0.97 | 10.13 | 11.10 | NOTE | |
r-devel-linux-x86_64-debian-gcc | 1.01 | 1.03 | 10.28 | 11.32 | NOTE | |
r-devel-linux-x86_64-fedora-clang | 1.01 | 23.14 | NOTE | |||
r-devel-linux-x86_64-fedora-gcc | 1.01 | 21.26 | NOTE | |||
r-devel-osx-x86_64-clang | 1.01 | 25.47 | NOTE | |||
r-devel-windows-ix86+x86_64 | 1.01 | 3.00 | 17.00 | 20.00 | NOTE | |
r-patched-linux-x86_64 | 1.01 | 1.18 | 10.10 | 11.27 | NOTE | |
r-patched-solaris-sparc | 1.01 | 132.50 | NOTE | |||
r-patched-solaris-x86 | 1.01 | 33.60 | NOTE | |||
r-release-linux-ix86 | 1.01 | 1.31 | 15.23 | 16.54 | NOTE | |
r-release-linux-x86_64 | 1.01 | 1.14 | 10.21 | 11.34 | NOTE | |
r-release-osx-x86_64-mavericks | 1.01 | NOTE | ||||
r-release-osx-x86_64-snowleopard | 1.01 | NOTE | ||||
r-release-windows-ix86+x86_64 | 1.01 | 3.00 | 17.00 | 20.00 | NOTE | |
r-oldrel-windows-ix86+x86_64 | 1.01 | 3.00 | 17.00 | 20.00 | NOTE |
Version: 1.01
Check: installed package size
Result: NOTE
installed size is 5.1Mb
sub-directories of 1Mb or more:
data 5.0Mb
Flavors: r-devel-linux-x86_64-debian-clang, r-devel-linux-x86_64-debian-gcc, r-devel-linux-x86_64-fedora-clang, r-devel-linux-x86_64-fedora-gcc, r-devel-osx-x86_64-clang, r-devel-windows-ix86+x86_64, r-patched-linux-x86_64, r-patched-solaris-sparc, r-patched-solaris-x86, r-release-linux-ix86, r-release-linux-x86_64, r-release-osx-x86_64-mavericks, r-release-osx-x86_64-snowleopard, r-release-windows-ix86+x86_64, r-oldrel-windows-ix86+x86_64
Version: 1.01
Check: package dependencies
Result: NOTE
Package suggested but not available for checking: ‘rworldmap’
Flavors: r-release-osx-x86_64-mavericks, r-release-osx-x86_64-snowleopard