CRAN Package Check Results for Package rtiff

Last updated on 2014-10-02 01:48:27.

Flavor Version Tinstall Tcheck Ttotal Status Flags
r-devel-linux-x86_64-debian-clang 1.4.4 1.39 13.06 14.46 OK
r-devel-linux-x86_64-debian-gcc 1.4.4 1.72 12.87 14.59 OK
r-devel-linux-x86_64-fedora-clang 1.4.4 28.52 OK
r-devel-linux-x86_64-fedora-gcc 1.4.4 27.48 OK
r-devel-osx-x86_64-clang 1.4.4 31.34 OK
r-devel-windows-ix86+x86_64 1.4.4 6.00 35.00 41.00 OK
r-patched-linux-x86_64 1.4.4 1.44 13.37 14.81 OK
r-patched-solaris-sparc 1.4.4 166.80 OK
r-patched-solaris-x86 1.4.4 42.70 OK
r-release-linux-ix86 1.4.4 2.46 19.82 22.27 OK
r-release-linux-x86_64 1.4.4 1.48 13.13 14.60 OK
r-release-osx-x86_64-mavericks 1.4.4 ERROR
r-release-osx-x86_64-snowleopard 1.4.4 OK
r-release-windows-ix86+x86_64 1.4.4 8.00 44.00 52.00 OK
r-oldrel-windows-ix86+x86_64 1.4.4 6.00 40.00 46.00 OK

Check Details

Version: 1.4.4
Check: whether package can be installed
Result: ERROR
    Installation failed.
Flavor: r-release-osx-x86_64-mavericks