Last updated on 2014-10-02 01:48:27.
Flavor | Version | Tinstall | Tcheck | Ttotal | Status | Flags |
---|---|---|---|---|---|---|
r-devel-linux-x86_64-debian-clang | 1.0 | 4.22 | 44.06 | 48.28 | NOTE | |
r-devel-linux-x86_64-debian-gcc | 1.0 | 3.95 | 42.75 | 46.70 | NOTE | |
r-devel-linux-x86_64-fedora-clang | 1.0 | 110.63 | NOTE | |||
r-devel-linux-x86_64-fedora-gcc | 1.0 | 105.32 | NOTE | |||
r-devel-osx-x86_64-clang | 1.0 | 85.89 | NOTE | |||
r-devel-windows-ix86+x86_64 | 1.0 | 12.00 | 71.00 | 83.00 | NOTE | |
r-patched-linux-x86_64 | 1.0 | 4.26 | 45.20 | 49.46 | NOTE | |
r-patched-solaris-sparc | 1.0 | 637.30 | NOTE | |||
r-patched-solaris-x86 | 1.0 | 150.30 | NOTE | |||
r-release-linux-ix86 | 1.0 | 5.03 | 56.18 | 61.21 | OK | |
r-release-linux-x86_64 | 1.0 | 4.43 | 44.88 | 49.30 | OK | |
r-release-osx-x86_64-mavericks | 1.0 | OK | ||||
r-release-osx-x86_64-snowleopard | 1.0 | OK | ||||
r-release-windows-ix86+x86_64 | 1.0 | 13.00 | 75.00 | 88.00 | OK | |
r-oldrel-windows-ix86+x86_64 | 1.0 | 11.00 | 74.00 | 85.00 | OK |
Version: 1.0
Check: dependencies in R code
Result: NOTE
Package in Depends field not imported from: ‘parallel’
These packages need to be imported from (in the NAMESPACE file)
for when this namespace is loaded but not attached.
See the information on DESCRIPTION files in the chapter ‘Creating R
packages’ of the ‘Writing R Extensions’ manual.
Flavors: r-devel-linux-x86_64-debian-clang, r-devel-linux-x86_64-debian-gcc, r-devel-linux-x86_64-fedora-clang, r-devel-linux-x86_64-fedora-gcc, r-devel-osx-x86_64-clang, r-devel-windows-ix86+x86_64, r-patched-linux-x86_64, r-patched-solaris-sparc, r-patched-solaris-x86
Version: 1.0
Check: R code for possible problems
Result: NOTE
rsig: no visible binding for global variable ‘mclapply’
rsig.all: no visible binding for global variable ‘mclapply’
Flavors: r-devel-linux-x86_64-debian-clang, r-devel-linux-x86_64-debian-gcc, r-devel-linux-x86_64-fedora-clang, r-devel-linux-x86_64-fedora-gcc, r-devel-osx-x86_64-clang, r-devel-windows-ix86+x86_64