Last updated on 2014-10-02 01:48:26.
Flavor | Version | Tinstall | Tcheck | Ttotal | Status | Flags |
---|---|---|---|---|---|---|
r-devel-linux-x86_64-debian-clang | 1.1 | 2.10 | 29.30 | 31.40 | NOTE | |
r-devel-linux-x86_64-debian-gcc | 1.1 | 2.02 | 28.53 | 30.56 | NOTE | |
r-devel-linux-x86_64-fedora-clang | 1.1 | 68.99 | NOTE | |||
r-devel-linux-x86_64-fedora-gcc | 1.1 | 64.30 | NOTE | |||
r-devel-osx-x86_64-clang | 1.1 | 60.59 | NOTE | |||
r-devel-windows-ix86+x86_64 | 1.1 | 10.00 | 55.00 | 65.00 | NOTE | |
r-patched-linux-x86_64 | 1.1 | 2.18 | 31.80 | 33.98 | NOTE | |
r-patched-solaris-sparc | 1.1 | 244.90 | NOTE | |||
r-patched-solaris-x86 | 1.1 | 88.80 | NOTE | |||
r-release-linux-ix86 | 1.1 | 2.75 | 40.20 | 42.96 | NOTE | |
r-release-linux-x86_64 | 1.1 | 2.25 | 31.36 | 33.61 | NOTE | |
r-release-osx-x86_64-mavericks | 1.1 | NOTE | ||||
r-release-osx-x86_64-snowleopard | 1.1 | OK | ||||
r-release-windows-ix86+x86_64 | 1.1 | 11.00 | 60.00 | 71.00 | NOTE | |
r-oldrel-windows-ix86+x86_64 | 1.1 | 12.00 | 60.00 | 72.00 | NOTE |
Version: 1.1
Check: dependencies in R code
Result: NOTE
Packages in Depends field not imported from:
‘glasso’ ‘matrixcalc’ ‘mvoutlier’ ‘pcaPP’
These packages need to be imported from (in the NAMESPACE file)
for when this namespace is loaded but not attached.
See the information on DESCRIPTION files in the chapter ‘Creating R
packages’ of the ‘Writing R Extensions’ manual.
Flavors: r-devel-linux-x86_64-debian-clang, r-devel-linux-x86_64-debian-gcc, r-devel-linux-x86_64-fedora-clang, r-devel-linux-x86_64-fedora-gcc, r-devel-osx-x86_64-clang, r-devel-windows-ix86+x86_64, r-patched-linux-x86_64, r-patched-solaris-sparc, r-patched-solaris-x86, r-release-linux-ix86, r-release-linux-x86_64, r-release-osx-x86_64-mavericks, r-release-windows-ix86+x86_64, r-oldrel-windows-ix86+x86_64
Version: 1.1
Check: R code for possible problems
Result: NOTE
rrest: no visible binding for global variable ‘glasso’
rrest: no visible global function definition for ‘pcout’
rrlda : centerObservations: no visible global function definition for
‘l1median_NLM’
rrlda : df.L2glasso: no visible global function definition for
‘duplication.matrix’
rrlda : alt.df.L2glasso: no visible global function definition for
‘lower.triangle’
Flavors: r-devel-linux-x86_64-debian-clang, r-devel-linux-x86_64-debian-gcc, r-devel-linux-x86_64-fedora-clang, r-devel-linux-x86_64-fedora-gcc, r-devel-osx-x86_64-clang, r-devel-windows-ix86+x86_64