Last updated on 2014-10-02 01:48:26.
Flavor | Version | Tinstall | Tcheck | Ttotal | Status | Flags |
---|---|---|---|---|---|---|
r-devel-linux-x86_64-debian-clang | 0.2-2 | 1.66 | 25.20 | 26.86 | NOTE | |
r-devel-linux-x86_64-debian-gcc | 0.2-2 | 1.62 | 24.37 | 25.99 | NOTE | |
r-devel-linux-x86_64-fedora-clang | 0.2-2 | 55.47 | NOTE | |||
r-devel-linux-x86_64-fedora-gcc | 0.2-2 | 53.28 | NOTE | |||
r-devel-osx-x86_64-clang | 0.2-2 | 52.00 | NOTE | |||
r-devel-windows-ix86+x86_64 | 0.2-2 | 6.00 | 37.00 | 43.00 | NOTE | |
r-patched-linux-x86_64 | 0.2-2 | 1.70 | 26.01 | 27.72 | NOTE | |
r-patched-solaris-sparc | 0.2-2 | 315.30 | NOTE | |||
r-patched-solaris-x86 | 0.2-2 | 77.60 | NOTE | |||
r-release-linux-ix86 | 0.2-2 | 2.26 | 34.47 | 36.73 | NOTE | |
r-release-linux-x86_64 | 0.2-2 | 1.76 | 25.85 | 27.60 | NOTE | |
r-release-osx-x86_64-mavericks | 0.2-2 | NOTE | ||||
r-release-osx-x86_64-snowleopard | 0.2-2 | NOTE | ||||
r-release-windows-ix86+x86_64 | 0.2-2 | 6.00 | 46.00 | 52.00 | NOTE | |
r-oldrel-windows-ix86+x86_64 | 0.2-2 | 6.00 | 45.00 | 51.00 | NOTE |
Version: 0.2-2
Check: dependencies in R code
Result: NOTE
Missing or unexported object: ‘robustbase::singularityMsg’
See the information on DESCRIPTION files in the chapter ‘Creating R
packages’ of the ‘Writing R Extensions’ manual.
Flavors: r-devel-linux-x86_64-debian-clang, r-devel-linux-x86_64-debian-gcc, r-devel-linux-x86_64-fedora-clang, r-devel-linux-x86_64-fedora-gcc, r-devel-osx-x86_64-clang, r-devel-windows-ix86+x86_64, r-patched-linux-x86_64, r-patched-solaris-sparc, r-patched-solaris-x86, r-release-linux-ix86, r-release-linux-x86_64, r-release-osx-x86_64-mavericks, r-release-osx-x86_64-snowleopard, r-release-windows-ix86+x86_64, r-oldrel-windows-ix86+x86_64