CRAN Package Check Results for Package rotations

Last updated on 2014-10-02 01:48:26.

Flavor Version Tinstall Tcheck Ttotal Status Flags
r-devel-linux-x86_64-debian-clang 1.2 33.37 55.30 88.68 NOTE
r-devel-linux-x86_64-debian-gcc 1.2 39.25 53.96 93.22 NOTE
r-devel-linux-x86_64-fedora-clang 1.2 197.99 NOTE
r-devel-linux-x86_64-fedora-gcc 1.2 185.30 NOTE
r-devel-osx-x86_64-clang 1.2 154.61 NOTE
r-devel-windows-ix86+x86_64 1.2 100.00 118.00 218.00 NOTE
r-patched-linux-x86_64 1.2 40.52 59.58 100.10 NOTE
r-patched-solaris-sparc 1.2 1131.70 NOTE
r-patched-solaris-x86 1.2 236.20 NOTE
r-release-linux-ix86 1.2 48.80 74.45 123.24 NOTE
r-release-linux-x86_64 1.2 38.80 60.12 98.92 NOTE
r-release-osx-x86_64-mavericks 1.2 NOTE
r-release-osx-x86_64-snowleopard 1.2 NOTE
r-release-windows-ix86+x86_64 1.2 106.00 124.00 230.00 NOTE
r-oldrel-windows-ix86+x86_64 1.2 98.00 127.00 225.00 NOTE

Check Details

Version: 1.2
Check: installed package size
Result: NOTE
     installed size is 8.6Mb
     sub-directories of 1Mb or more:
     data 2.3Mb
     libs 4.8Mb
Flavors: r-devel-linux-x86_64-debian-clang, r-devel-linux-x86_64-debian-gcc, r-devel-linux-x86_64-fedora-clang, r-devel-linux-x86_64-fedora-gcc, r-devel-windows-ix86+x86_64, r-patched-linux-x86_64, r-patched-solaris-sparc, r-patched-solaris-x86, r-release-linux-ix86, r-release-linux-x86_64, r-release-osx-x86_64-mavericks, r-release-osx-x86_64-snowleopard, r-release-windows-ix86+x86_64, r-oldrel-windows-ix86+x86_64

Version: 1.2
Check: R code for possible problems
Result: NOTE
    plot.SO3: no visible global function definition for ‘car2sph’
    plot.SO3: no visible global function definition for ‘rgl.sphpoints’
    plot.SO3: no visible global function definition for ‘rgl.sphtext’
    rgl.sphgrid2: no visible global function definition for ‘open3d’
    rgl.sphgrid2: no visible global function definition for ‘plot3d’
    rgl.sphgrid2: no visible global function definition for ‘sph2car’
Flavors: r-devel-linux-x86_64-debian-clang, r-devel-linux-x86_64-debian-gcc, r-devel-linux-x86_64-fedora-clang, r-devel-linux-x86_64-fedora-gcc, r-devel-osx-x86_64-clang, r-devel-windows-ix86+x86_64

Version: 1.2
Check: re-building of vignette outputs
Result: NOTE
    Error in re-building vignettes:
     ...
    Warning: running command 'kpsewhich framed.sty' had status 1
    Warning in test_latex_pkg("framed", system.file("misc", "framed.sty", package = "knitr")) :
     unable to find LaTeX package 'framed'; will use a copy from knitr
    Error in texi2dvi(file = file, pdf = TRUE, clean = clean, quiet = quiet, :
     Running 'texi2dvi' on 'rotations-intro.tex' failed.
    LaTeX errors:
    ! LaTeX Error: File `titlesec.sty' not found.
    
    Type X to quit or <RETURN> to proceed,
    or enter new name. (Default extension: sty)
    
    ./RJournal_edited.sty:99: ==> Fatal error occurred, no output PDF file produce
    d!
    Calls: buildVignettes -> texi2pdf -> texi2dvi
    Execution halted
Flavor: r-release-osx-x86_64-mavericks