Last updated on 2014-10-02 01:48:26.
Flavor | Version | Tinstall | Tcheck | Ttotal | Status | Flags |
---|---|---|---|---|---|---|
r-devel-linux-x86_64-debian-clang | 1.3 | 0.87 | 12.25 | 13.12 | NOTE | |
r-devel-linux-x86_64-debian-gcc | 1.3 | 0.70 | 12.05 | 12.75 | NOTE | |
r-devel-linux-x86_64-fedora-clang | 1.3 | 26.57 | NOTE | |||
r-devel-linux-x86_64-fedora-gcc | 1.3 | 24.46 | NOTE | |||
r-devel-osx-x86_64-clang | 1.3 | 26.68 | NOTE | |||
r-devel-windows-ix86+x86_64 | 1.3 | 2.00 | 22.00 | 24.00 | NOTE | |
r-patched-linux-x86_64 | 1.3 | 0.74 | 12.72 | 13.46 | NOTE | |
r-patched-solaris-sparc | 1.3 | 136.60 | NOTE | |||
r-patched-solaris-x86 | 1.3 | 39.00 | NOTE | |||
r-release-linux-ix86 | 1.3 | 1.04 | 18.48 | 19.52 | NOTE | |
r-release-linux-x86_64 | 1.3 | 0.73 | 13.04 | 13.77 | NOTE | |
r-release-osx-x86_64-mavericks | 1.3 | NOTE | ||||
r-release-osx-x86_64-snowleopard | 1.3 | NOTE | ||||
r-release-windows-ix86+x86_64 | 1.3 | 3.00 | 23.00 | 26.00 | NOTE | |
r-oldrel-windows-ix86+x86_64 | 1.3 | 4.00 | 29.00 | 33.00 | NOTE |
Version: 1.3
Check: data for non-ASCII characters
Result: NOTE
Note: found 6 marked UTF-8 strings
Flavors: r-devel-linux-x86_64-debian-clang, r-devel-linux-x86_64-debian-gcc, r-devel-linux-x86_64-fedora-clang, r-devel-linux-x86_64-fedora-gcc, r-devel-osx-x86_64-clang, r-devel-windows-ix86+x86_64, r-patched-linux-x86_64, r-patched-solaris-sparc, r-patched-solaris-x86, r-release-linux-ix86, r-release-linux-x86_64, r-release-osx-x86_64-mavericks, r-release-osx-x86_64-snowleopard, r-release-windows-ix86+x86_64, r-oldrel-windows-ix86+x86_64