CRAN Package Check Results for Package rnoaa

Last updated on 2014-10-02 01:48:26.

Flavor Version Tinstall Tcheck Ttotal Status Flags
r-devel-linux-x86_64-debian-clang 0.2.0 4.69 50.22 54.90 OK
r-devel-linux-x86_64-debian-gcc 0.2.0 5.43 48.98 54.41 OK
r-devel-linux-x86_64-fedora-clang 0.2.0 116.85 OK
r-devel-linux-x86_64-fedora-gcc 0.2.0 111.00 OK
r-devel-osx-x86_64-clang 0.2.0 91.84 OK
r-devel-windows-ix86+x86_64 0.2.0 15.00 84.00 99.00 OK
r-patched-linux-x86_64 0.2.0 4.62 53.02 57.64 OK
r-patched-solaris-sparc 0.2.0 679.70 OK
r-patched-solaris-x86 0.2.0 167.70 OK
r-release-linux-ix86 0.2.0 5.54 64.24 69.77 OK
r-release-linux-x86_64 0.2.0 4.60 52.12 56.72 OK
r-release-osx-x86_64-mavericks 0.2.0 ERROR
r-release-osx-x86_64-snowleopard 0.2.0 OK
r-release-windows-ix86+x86_64 0.2.0 16.00 89.00 105.00 OK
r-oldrel-windows-ix86+x86_64 0.2.0 14.00 96.00 110.00 OK

Check Details

Version: 0.2.0
Check: package dependencies
Result: ERROR
    Packages required but not available: ‘rgdal’ ‘rgeos’
    
    See the information on DESCRIPTION files in the chapter ‘Creating R
    packages’ of the ‘Writing R Extensions’ manual.
Flavor: r-release-osx-x86_64-mavericks