Last updated on 2014-10-02 01:48:26.
Flavor | Version | Tinstall | Tcheck | Ttotal | Status | Flags |
---|---|---|---|---|---|---|
r-devel-linux-x86_64-debian-clang | 1.2.4 | 0.93 | 17.53 | 18.46 | NOTE | |
r-devel-linux-x86_64-debian-gcc | 1.2.4 | 0.91 | 17.04 | 17.95 | NOTE | |
r-devel-linux-x86_64-fedora-clang | 1.2.4 | 38.86 | NOTE | |||
r-devel-linux-x86_64-fedora-gcc | 1.2.4 | 36.20 | NOTE | |||
r-devel-osx-x86_64-clang | 1.2.4 | 39.97 | NOTE | |||
r-devel-windows-ix86+x86_64 | 1.2.4 | 4.00 | 32.00 | 36.00 | NOTE | |
r-patched-linux-x86_64 | 1.2.4 | 0.97 | 17.99 | 18.96 | OK | |
r-patched-solaris-sparc | 1.2.4 | 225.50 | OK | |||
r-patched-solaris-x86 | 1.2.4 | 54.30 | OK | |||
r-release-linux-ix86 | 1.2.4 | 1.28 | 26.15 | 27.43 | OK | |
r-release-linux-x86_64 | 1.2.4 | 0.96 | 18.70 | 19.66 | OK | |
r-release-osx-x86_64-mavericks | 1.2.4 | NOTE | ||||
r-release-osx-x86_64-snowleopard | 1.2.4 | OK | ||||
r-release-windows-ix86+x86_64 | 1.2.4 | 3.00 | 36.00 | 39.00 | OK | |
r-oldrel-windows-ix86+x86_64 | 1.2.4 | 4.00 | 34.00 | 38.00 | OK |
Version: 1.2.4
Check: R code for possible problems
Result: NOTE
RNGseq : <anonymous>: no visible global function definition for
‘nextRNGStream’
RNGseq: no visible global function definition for ‘nextRNGStream’
RNGseq_seed: no visible global function definition for ‘nextRNGStream’
checkRNG: no visible global function definition for ‘checkTrue’
Flavors: r-devel-linux-x86_64-debian-clang, r-devel-linux-x86_64-debian-gcc, r-devel-linux-x86_64-fedora-clang, r-devel-linux-x86_64-fedora-gcc, r-devel-osx-x86_64-clang, r-devel-windows-ix86+x86_64
Version: 1.2.4
Check: re-building of vignette outputs
Result: NOTE
Error in re-building vignettes:
...
Warning: running command 'kpsewhich framed.sty' had status 1
Warning in test_latex_pkg("framed", system.file("misc", "framed.sty", package = "knitr")) :
unable to find LaTeX package 'framed'; will use a copy from knitr
Error in texi2dvi(file = file, pdf = TRUE, clean = clean, quiet = quiet, :
Running 'texi2dvi' on 'rngtools-unitTests.tex' failed.
LaTeX errors:
! LaTeX Error: File `vmargin.sty' not found.
Type X to quit or <RETURN> to proceed,
or enter new name. (Default extension: sty)
n_test/rngtools/vignettes/rngtools-unitTests.tex:57: ==> Fatal error occurred,
no output PDF file produced!
Calls: buildVignettes -> texi2pdf -> texi2dvi
Execution halted
Flavor: r-release-osx-x86_64-mavericks