Last updated on 2014-10-02 01:48:26.
Flavor | Version | Tinstall | Tcheck | Ttotal | Status | Flags |
---|---|---|---|---|---|---|
r-devel-linux-x86_64-debian-clang | 4.2-1 | 5.21 | 101.31 | 106.52 | NOTE | |
r-devel-linux-x86_64-debian-gcc | 4.2-1 | 4.77 | 101.28 | 106.05 | NOTE | |
r-devel-linux-x86_64-fedora-clang | 4.2-1 | 217.24 | NOTE | |||
r-devel-linux-x86_64-fedora-gcc | 4.2-1 | 204.08 | NOTE | |||
r-devel-osx-x86_64-clang | 4.2-1 | 167.14 | NOTE | |||
r-devel-windows-ix86+x86_64 | 4.2-1 | 16.00 | 189.00 | 205.00 | NOTE | |
r-patched-linux-x86_64 | 4.2-1 | 5.18 | 115.49 | 120.67 | NOTE | |
r-patched-solaris-sparc | 4.2-1 | 1165.60 | NOTE | |||
r-patched-solaris-x86 | 4.2-1 | 264.80 | NOTE | |||
r-release-linux-ix86 | 4.2-1 | 6.32 | 136.62 | 142.94 | NOTE | |
r-release-linux-x86_64 | 4.2-1 | 5.01 | 114.00 | 119.02 | NOTE | |
r-release-osx-x86_64-mavericks | 4.2-1 | NOTE | ||||
r-release-osx-x86_64-snowleopard | 4.2-1 | NOTE | ||||
r-release-windows-ix86+x86_64 | 4.2-1 | 17.00 | 206.00 | 223.00 | NOTE | |
r-oldrel-windows-ix86+x86_64 | 4.2-1 | 19.00 | 201.00 | 220.00 | NOTE |
Version: 4.2-1
Check: R code for possible problems
Result: NOTE
Mean.cph: multiple local function definitions for ‘f’ with different
formal arguments
pantext: multiple local function definitions for ‘z’ with different
formal arguments
plot.Predict: multiple local function definitions for ‘pan’ with
different formal arguments
plot.Predict: multiple local function definitions for ‘tanova’ with
different formal arguments
setPb: multiple local function definitions for ‘upb’ with different
formal arguments
Flavors: r-devel-linux-x86_64-debian-clang, r-devel-linux-x86_64-debian-gcc, r-devel-linux-x86_64-fedora-clang, r-devel-linux-x86_64-fedora-gcc, r-devel-osx-x86_64-clang, r-devel-windows-ix86+x86_64, r-patched-linux-x86_64, r-patched-solaris-sparc, r-patched-solaris-x86, r-release-linux-ix86, r-release-linux-x86_64, r-release-osx-x86_64-mavericks, r-release-osx-x86_64-snowleopard, r-release-windows-ix86+x86_64, r-oldrel-windows-ix86+x86_64